{"version":"1.0","provider_name":"eloriente.net","provider_url":"http:\/\/www.eloriente.net\/home","author_name":"admin","author_url":"http:\/\/www.eloriente.net\/home\/author\/admin\/","title":"Argentina conmemora: a 60 a\u00f1os de Eva Per\u00f3n - eloriente.net","type":"rich","width":600,"height":338,"html":"<blockquote class=\"wp-embedded-content\" data-secret=\"6cknI9kQSX\"><a href=\"http:\/\/www.eloriente.net\/home\/2012\/07\/26\/argentina-conmemora-a-60-anos-de-eva-peron\/\">Argentina conmemora: a 60 a\u00f1os de Eva Per\u00f3n<\/a><\/blockquote><iframe sandbox=\"allow-scripts\" security=\"restricted\" src=\"http:\/\/www.eloriente.net\/home\/2012\/07\/26\/argentina-conmemora-a-60-anos-de-eva-peron\/embed\/#?secret=6cknI9kQSX\" width=\"600\" height=\"338\" title=\"\u00abArgentina conmemora: a 60 a\u00f1os de Eva Per\u00f3n\u00bb \u2014 eloriente.net\" data-secret=\"6cknI9kQSX\" frameborder=\"0\" marginwidth=\"0\" marginheight=\"0\" scrolling=\"no\" class=\"wp-embedded-content\"><\/iframe><script type=\"text\/javascript\">\n\/* <![CDATA[ *\/\n\/*! This file is auto-generated *\/\n!function(d,l){\"use strict\";l.querySelector&&d.addEventListener&&\"undefined\"!=typeof URL&&(d.wp=d.wp||{},d.wp.receiveEmbedMessage||(d.wp.receiveEmbedMessage=function(e){var t=e.data;if((t||t.secret||t.message||t.value)&&!\/[^a-zA-Z0-9]\/.test(t.secret)){for(var s,r,n,a=l.querySelectorAll('iframe[data-secret=\"'+t.secret+'\"]'),o=l.querySelectorAll('blockquote[data-secret=\"'+t.secret+'\"]'),c=new RegExp(\"^https?:$\",\"i\"),i=0;i<o.length;i++)o[i].style.display=\"none\";for(i=0;i<a.length;i++)s=a[i],e.source===s.contentWindow&&(s.removeAttribute(\"style\"),\"height\"===t.message?(1e3<(r=parseInt(t.value,10))?r=1e3:~~r<200&&(r=200),s.height=r):\"link\"===t.message&&(r=new URL(s.getAttribute(\"src\")),n=new URL(t.value),c.test(n.protocol))&&n.host===r.host&&l.activeElement===s&&(d.top.location.href=t.value))}},d.addEventListener(\"message\",d.wp.receiveEmbedMessage,!1),l.addEventListener(\"DOMContentLoaded\",function(){for(var e,t,s=l.querySelectorAll(\"iframe.wp-embedded-content\"),r=0;r<s.length;r++)(t=(e=s[r]).getAttribute(\"data-secret\"))||(t=Math.random().toString(36).substring(2,12),e.src+=\"#?secret=\"+t,e.setAttribute(\"data-secret\",t)),e.contentWindow.postMessage({message:\"ready\",secret:t},\"*\")},!1)))}(window,document);\n\/* ]]> *\/\n<\/script>\n","thumbnail_url":"https:\/\/www.eloriente.net\/home\/wp-content\/uploads\/2012\/07\/casa-rosada-flickr.jpg","thumbnail_width":"1024","thumbnail_height":"575","description":"&nbsp; eloriente.net\/Efem\u00e9rides Culturales Argentinas 26 de julio\/2012 eloriente.net (Oaxaca, Oax) 26 de julio de 2012.- El 26 de julio se conmemora en Argentina 60 a\u00f1os de la muerte de Eva Per\u00f3n, una mujer fundamental en la historia de su pa\u00eds. Maria Eva Duarte, conocida como \u00abEvita\u00bb naci\u00f3 el\u00a0\u00a07 de mayo de 1919 en\u00a0Los Toldos, provincia [&hellip;]"}

Argentina conmemora: a 60 años de Eva Perón - eloriente.net

<blockquote class="wp-embedded-content" data-secret="6cknI9kQSX"><a href="http://www.eloriente.net/home/2012/07/26/argentina-conmemora-a-60-anos-de-eva-peron/">Argentina conmemora: a 60 años de Eva Perón</a></blockquote><iframe sandbox="allow-scripts" security="restricted" src="http://www.eloriente.net/home/2012/07/26/argentina-conmemora-a-60-anos-de-eva-peron/embed/#?secret=6cknI9kQSX" width="600" height="338" title="«Argentina conmemora: a 60 años de Eva Perón» — eloriente.net" data-secret="6cknI9kQSX" frameborder="0" marginwidth="0" marginheight="0" scrolling="no" class="wp-embedded-content"></iframe><script type="text/javascript">
/* <![CDATA[ */
/*! This file is auto-generated */
!function(d,l){"use strict";l.querySelector&&d.addEventListener&&"undefined"!=typeof URL&&(d.wp=d.wp||{},d.wp.receiveEmbedMessage||(d.wp.receiveEmbedMessage=function(e){var t=e.data;if((t||t.secret||t.message||t.value)&&!/[^a-zA-Z0-9]/.test(t.secret)){for(var s,r,n,a=l.querySelectorAll('iframe[data-secret="'+t.secret+'"]'),o=l.querySelectorAll('blockquote[data-secret="'+t.secret+'"]'),c=new RegExp("^https?:$","i"),i=0;i<o.length;i++)o[i].style.display="none";for(i=0;i<a.length;i++)s=a[i],e.source===s.contentWindow&&(s.removeAttribute("style"),"height"===t.message?(1e3<(r=parseInt(t.value,10))?r=1e3:~~r<200&&(r=200),s.height=r):"link"===t.message&&(r=new URL(s.getAttribute("src")),n=new URL(t.value),c.test(n.protocol))&&n.host===r.host&&l.activeElement===s&&(d.top.location.href=t.value))}},d.addEventListener("message",d.wp.receiveEmbedMessage,!1),l.addEventListener("DOMContentLoaded",function(){for(var e,t,s=l.querySelectorAll("iframe.wp-embedded-content"),r=0;r<s.length;r++)(t=(e=s[r]).getAttribute("data-secret"))||(t=Math.random().toString(36).substring(2,12),e.src+="#?secret="+t,e.setAttribute("data-secret",t)),e.contentWindow.postMessage({message:"ready",secret:t},"*")},!1)))}(window,document);
/* ]]> */
</script>

&nbsp; eloriente.net/Efemérides Culturales Argentinas 26 de julio/2012 eloriente.net (Oaxaca, Oax) 26 de julio de 2012.- El 26 de julio se conmemora en Argentina 60 años de la muerte de Eva Perón, una mujer fundamental en la historia de su país. Maria Eva Duarte, conocida como «Evita» nació el  7 de mayo de 1919 en Los Toldos, provincia [&hellip;]
