{"version":"1.0","provider_name":"eloriente.net","provider_url":"http:\/\/www.eloriente.net\/home","author_name":"admin","author_url":"http:\/\/www.eloriente.net\/home\/author\/admin\/","title":"Secci\u00f3n 22: Todo menos Democracia - eloriente.net","type":"rich","width":600,"height":338,"html":"<blockquote class=\"wp-embedded-content\" data-secret=\"aUrWvUY1nU\"><a href=\"http:\/\/www.eloriente.net\/home\/2013\/02\/20\/seccion-22-todo-menos-democracia\/\">Secci\u00f3n 22: Todo menos Democracia<\/a><\/blockquote><iframe sandbox=\"allow-scripts\" security=\"restricted\" src=\"http:\/\/www.eloriente.net\/home\/2013\/02\/20\/seccion-22-todo-menos-democracia\/embed\/#?secret=aUrWvUY1nU\" width=\"600\" height=\"338\" title=\"\u00abSecci\u00f3n 22: Todo menos Democracia\u00bb \u2014 eloriente.net\" data-secret=\"aUrWvUY1nU\" frameborder=\"0\" marginwidth=\"0\" marginheight=\"0\" scrolling=\"no\" class=\"wp-embedded-content\"><\/iframe><script type=\"text\/javascript\">\n\/* <![CDATA[ *\/\n\/*! This file is auto-generated *\/\n!function(d,l){\"use strict\";l.querySelector&&d.addEventListener&&\"undefined\"!=typeof URL&&(d.wp=d.wp||{},d.wp.receiveEmbedMessage||(d.wp.receiveEmbedMessage=function(e){var t=e.data;if((t||t.secret||t.message||t.value)&&!\/[^a-zA-Z0-9]\/.test(t.secret)){for(var s,r,n,a=l.querySelectorAll('iframe[data-secret=\"'+t.secret+'\"]'),o=l.querySelectorAll('blockquote[data-secret=\"'+t.secret+'\"]'),c=new RegExp(\"^https?:$\",\"i\"),i=0;i<o.length;i++)o[i].style.display=\"none\";for(i=0;i<a.length;i++)s=a[i],e.source===s.contentWindow&&(s.removeAttribute(\"style\"),\"height\"===t.message?(1e3<(r=parseInt(t.value,10))?r=1e3:~~r<200&&(r=200),s.height=r):\"link\"===t.message&&(r=new URL(s.getAttribute(\"src\")),n=new URL(t.value),c.test(n.protocol))&&n.host===r.host&&l.activeElement===s&&(d.top.location.href=t.value))}},d.addEventListener(\"message\",d.wp.receiveEmbedMessage,!1),l.addEventListener(\"DOMContentLoaded\",function(){for(var e,t,s=l.querySelectorAll(\"iframe.wp-embedded-content\"),r=0;r<s.length;r++)(t=(e=s[r]).getAttribute(\"data-secret\"))||(t=Math.random().toString(36).substring(2,12),e.src+=\"#?secret=\"+t,e.setAttribute(\"data-secret\",t)),e.contentWindow.postMessage({message:\"ready\",secret:t},\"*\")},!1)))}(window,document);\n\/* ]]> *\/\n<\/script>\n","thumbnail_url":"http:\/\/www.eloriente.net\/home\/wp-content\/uploads\/2013\/02\/voltaire-por-andyket-Algunos-Derechos-Reservados.jpg","thumbnail_width":"768","thumbnail_height":"1024","description":"eloriente.net 20 de febrero de 2013 La actitud de los miembros de la Secci\u00f3n XXII del magisterio, obstruyendo la realizaci\u00f3n de una conferencia de miembros de la organizaci\u00f3n Mexicanos Primero, es una expresi\u00f3n m\u00e1s del &#8216;ser magisterial&#8217;, ese ente conformado y secuestrado por intereses, liderazgos econ\u00f3micos y mezquindad absoluta. En efecto, los miembros directivos de [&hellip;]"}

Sección 22: Todo menos Democracia - eloriente.net

<blockquote class="wp-embedded-content" data-secret="aUrWvUY1nU"><a href="http://www.eloriente.net/home/2013/02/20/seccion-22-todo-menos-democracia/">Sección 22: Todo menos Democracia</a></blockquote><iframe sandbox="allow-scripts" security="restricted" src="http://www.eloriente.net/home/2013/02/20/seccion-22-todo-menos-democracia/embed/#?secret=aUrWvUY1nU" width="600" height="338" title="«Sección 22: Todo menos Democracia» — eloriente.net" data-secret="aUrWvUY1nU" frameborder="0" marginwidth="0" marginheight="0" scrolling="no" class="wp-embedded-content"></iframe><script type="text/javascript">
/* <![CDATA[ */
/*! This file is auto-generated */
!function(d,l){"use strict";l.querySelector&&d.addEventListener&&"undefined"!=typeof URL&&(d.wp=d.wp||{},d.wp.receiveEmbedMessage||(d.wp.receiveEmbedMessage=function(e){var t=e.data;if((t||t.secret||t.message||t.value)&&!/[^a-zA-Z0-9]/.test(t.secret)){for(var s,r,n,a=l.querySelectorAll('iframe[data-secret="'+t.secret+'"]'),o=l.querySelectorAll('blockquote[data-secret="'+t.secret+'"]'),c=new RegExp("^https?:$","i"),i=0;i<o.length;i++)o[i].style.display="none";for(i=0;i<a.length;i++)s=a[i],e.source===s.contentWindow&&(s.removeAttribute("style"),"height"===t.message?(1e3<(r=parseInt(t.value,10))?r=1e3:~~r<200&&(r=200),s.height=r):"link"===t.message&&(r=new URL(s.getAttribute("src")),n=new URL(t.value),c.test(n.protocol))&&n.host===r.host&&l.activeElement===s&&(d.top.location.href=t.value))}},d.addEventListener("message",d.wp.receiveEmbedMessage,!1),l.addEventListener("DOMContentLoaded",function(){for(var e,t,s=l.querySelectorAll("iframe.wp-embedded-content"),r=0;r<s.length;r++)(t=(e=s[r]).getAttribute("data-secret"))||(t=Math.random().toString(36).substring(2,12),e.src+="#?secret="+t,e.setAttribute("data-secret",t)),e.contentWindow.postMessage({message:"ready",secret:t},"*")},!1)))}(window,document);
/* ]]> */
</script>

eloriente.net 20 de febrero de 2013 La actitud de los miembros de la Sección XXII del magisterio, obstruyendo la realización de una conferencia de miembros de la organización Mexicanos Primero, es una expresión más del &#8216;ser magisterial&#8217;, ese ente conformado y secuestrado por intereses, liderazgos económicos y mezquindad absoluta. En efecto, los miembros directivos de [&hellip;]
