{"version":"1.0","provider_name":"eloriente.net","provider_url":"http:\/\/www.eloriente.net\/home","author_name":"admin","author_url":"http:\/\/www.eloriente.net\/home\/author\/admin\/","title":"Exhibir a 'l\u00edderes sociales' en Oaxaca - eloriente.net","type":"rich","width":600,"height":338,"html":"<blockquote class=\"wp-embedded-content\" data-secret=\"yCNlWxtz7F\"><a href=\"http:\/\/www.eloriente.net\/home\/2013\/02\/28\/exhibir-a-lideres-sociales-en-oaxaca\/\">Exhibir a &#8216;l\u00edderes sociales&#8217; en Oaxaca<\/a><\/blockquote><iframe sandbox=\"allow-scripts\" security=\"restricted\" src=\"http:\/\/www.eloriente.net\/home\/2013\/02\/28\/exhibir-a-lideres-sociales-en-oaxaca\/embed\/#?secret=yCNlWxtz7F\" width=\"600\" height=\"338\" title=\"\u00abExhibir a &#8216;l\u00edderes sociales&#8217; en Oaxaca\u00bb \u2014 eloriente.net\" data-secret=\"yCNlWxtz7F\" frameborder=\"0\" marginwidth=\"0\" marginheight=\"0\" scrolling=\"no\" class=\"wp-embedded-content\"><\/iframe><script type=\"text\/javascript\">\n\/* <![CDATA[ *\/\n\/*! This file is auto-generated *\/\n!function(d,l){\"use strict\";l.querySelector&&d.addEventListener&&\"undefined\"!=typeof URL&&(d.wp=d.wp||{},d.wp.receiveEmbedMessage||(d.wp.receiveEmbedMessage=function(e){var t=e.data;if((t||t.secret||t.message||t.value)&&!\/[^a-zA-Z0-9]\/.test(t.secret)){for(var s,r,n,a=l.querySelectorAll('iframe[data-secret=\"'+t.secret+'\"]'),o=l.querySelectorAll('blockquote[data-secret=\"'+t.secret+'\"]'),c=new RegExp(\"^https?:$\",\"i\"),i=0;i<o.length;i++)o[i].style.display=\"none\";for(i=0;i<a.length;i++)s=a[i],e.source===s.contentWindow&&(s.removeAttribute(\"style\"),\"height\"===t.message?(1e3<(r=parseInt(t.value,10))?r=1e3:~~r<200&&(r=200),s.height=r):\"link\"===t.message&&(r=new URL(s.getAttribute(\"src\")),n=new URL(t.value),c.test(n.protocol))&&n.host===r.host&&l.activeElement===s&&(d.top.location.href=t.value))}},d.addEventListener(\"message\",d.wp.receiveEmbedMessage,!1),l.addEventListener(\"DOMContentLoaded\",function(){for(var e,t,s=l.querySelectorAll(\"iframe.wp-embedded-content\"),r=0;r<s.length;r++)(t=(e=s[r]).getAttribute(\"data-secret\"))||(t=Math.random().toString(36).substring(2,12),e.src+=\"#?secret=\"+t,e.setAttribute(\"data-secret\",t)),e.contentWindow.postMessage({message:\"ready\",secret:t},\"*\")},!1)))}(window,document);\n\/* ]]> *\/\n<\/script>\n","thumbnail_url":"http:\/\/www.eloriente.net\/home\/wp-content\/uploads\/2013\/01\/Algunos-derechos-reserados-por-phyvln-oaxaca.jpg","thumbnail_width":"1024","thumbnail_height":"677","description":"eloriente.net 28 de febrero de 2013 Nada m\u00e1s sagrado que el derecho de expresi\u00f3n y manifestaci\u00f3n. Pero la Ciudad de Oaxaca en los \u00faltimos d\u00edas no ha sido escenario para el ejercicio de esos derechos, sino por el contrario del chantaje, la ignorancia, el gusto por la revuelta, el resultado de una inercia que ha [&hellip;]"}

Exhibir a 'líderes sociales' en Oaxaca - eloriente.net

<blockquote class="wp-embedded-content" data-secret="yCNlWxtz7F"><a href="http://www.eloriente.net/home/2013/02/28/exhibir-a-lideres-sociales-en-oaxaca/">Exhibir a &#8216;líderes sociales&#8217; en Oaxaca</a></blockquote><iframe sandbox="allow-scripts" security="restricted" src="http://www.eloriente.net/home/2013/02/28/exhibir-a-lideres-sociales-en-oaxaca/embed/#?secret=yCNlWxtz7F" width="600" height="338" title="«Exhibir a &#8216;líderes sociales&#8217; en Oaxaca» — eloriente.net" data-secret="yCNlWxtz7F" frameborder="0" marginwidth="0" marginheight="0" scrolling="no" class="wp-embedded-content"></iframe><script type="text/javascript">
/* <![CDATA[ */
/*! This file is auto-generated */
!function(d,l){"use strict";l.querySelector&&d.addEventListener&&"undefined"!=typeof URL&&(d.wp=d.wp||{},d.wp.receiveEmbedMessage||(d.wp.receiveEmbedMessage=function(e){var t=e.data;if((t||t.secret||t.message||t.value)&&!/[^a-zA-Z0-9]/.test(t.secret)){for(var s,r,n,a=l.querySelectorAll('iframe[data-secret="'+t.secret+'"]'),o=l.querySelectorAll('blockquote[data-secret="'+t.secret+'"]'),c=new RegExp("^https?:$","i"),i=0;i<o.length;i++)o[i].style.display="none";for(i=0;i<a.length;i++)s=a[i],e.source===s.contentWindow&&(s.removeAttribute("style"),"height"===t.message?(1e3<(r=parseInt(t.value,10))?r=1e3:~~r<200&&(r=200),s.height=r):"link"===t.message&&(r=new URL(s.getAttribute("src")),n=new URL(t.value),c.test(n.protocol))&&n.host===r.host&&l.activeElement===s&&(d.top.location.href=t.value))}},d.addEventListener("message",d.wp.receiveEmbedMessage,!1),l.addEventListener("DOMContentLoaded",function(){for(var e,t,s=l.querySelectorAll("iframe.wp-embedded-content"),r=0;r<s.length;r++)(t=(e=s[r]).getAttribute("data-secret"))||(t=Math.random().toString(36).substring(2,12),e.src+="#?secret="+t,e.setAttribute("data-secret",t)),e.contentWindow.postMessage({message:"ready",secret:t},"*")},!1)))}(window,document);
/* ]]> */
</script>

eloriente.net 28 de febrero de 2013 Nada más sagrado que el derecho de expresión y manifestación. Pero la Ciudad de Oaxaca en los últimos días no ha sido escenario para el ejercicio de esos derechos, sino por el contrario del chantaje, la ignorancia, el gusto por la revuelta, el resultado de una inercia que ha [&hellip;]
