{"version":"1.0","provider_name":"eloriente.net","provider_url":"http:\/\/www.eloriente.net\/home","author_name":"admin","author_url":"http:\/\/www.eloriente.net\/home\/author\/admin\/","title":"Reserva mexicana es nuevo Patrimonio Mundial - eloriente.net","type":"rich","width":600,"height":338,"html":"<blockquote class=\"wp-embedded-content\" data-secret=\"0F771ikCoi\"><a href=\"http:\/\/www.eloriente.net\/home\/2013\/06\/21\/reserva-mexicana-es-nuevo-patrimonio-mundial\/\">Reserva mexicana es nuevo Patrimonio Mundial<\/a><\/blockquote><iframe sandbox=\"allow-scripts\" security=\"restricted\" src=\"http:\/\/www.eloriente.net\/home\/2013\/06\/21\/reserva-mexicana-es-nuevo-patrimonio-mundial\/embed\/#?secret=0F771ikCoi\" width=\"600\" height=\"338\" title=\"\u00abReserva mexicana es nuevo Patrimonio Mundial\u00bb \u2014 eloriente.net\" data-secret=\"0F771ikCoi\" frameborder=\"0\" marginwidth=\"0\" marginheight=\"0\" scrolling=\"no\" class=\"wp-embedded-content\"><\/iframe><script type=\"text\/javascript\">\n\/* <![CDATA[ *\/\n\/*! This file is auto-generated *\/\n!function(d,l){\"use strict\";l.querySelector&&d.addEventListener&&\"undefined\"!=typeof URL&&(d.wp=d.wp||{},d.wp.receiveEmbedMessage||(d.wp.receiveEmbedMessage=function(e){var t=e.data;if((t||t.secret||t.message||t.value)&&!\/[^a-zA-Z0-9]\/.test(t.secret)){for(var s,r,n,a=l.querySelectorAll('iframe[data-secret=\"'+t.secret+'\"]'),o=l.querySelectorAll('blockquote[data-secret=\"'+t.secret+'\"]'),c=new RegExp(\"^https?:$\",\"i\"),i=0;i<o.length;i++)o[i].style.display=\"none\";for(i=0;i<a.length;i++)s=a[i],e.source===s.contentWindow&&(s.removeAttribute(\"style\"),\"height\"===t.message?(1e3<(r=parseInt(t.value,10))?r=1e3:~~r<200&&(r=200),s.height=r):\"link\"===t.message&&(r=new URL(s.getAttribute(\"src\")),n=new URL(t.value),c.test(n.protocol))&&n.host===r.host&&l.activeElement===s&&(d.top.location.href=t.value))}},d.addEventListener(\"message\",d.wp.receiveEmbedMessage,!1),l.addEventListener(\"DOMContentLoaded\",function(){for(var e,t,s=l.querySelectorAll(\"iframe.wp-embedded-content\"),r=0;r<s.length;r++)(t=(e=s[r]).getAttribute(\"data-secret\"))||(t=Math.random().toString(36).substring(2,12),e.src+=\"#?secret=\"+t,e.setAttribute(\"data-secret\",t)),e.contentWindow.postMessage({message:\"ready\",secret:t},\"*\")},!1)))}(window,document);\n\/* ]]> *\/\n<\/script>\n","thumbnail_url":"http:\/\/www.eloriente.net\/home\/wp-content\/uploads\/2013\/06\/whc2013_mexico_pinacate_07.jpg","thumbnail_width":"800","thumbnail_height":"600","description":"eloriente.net 21 de junio de 2013 A partir de hoy, la Reserva de la Bi\u00f3sfera El Pinacate y Gran Desierto de Altar, en Sonora, ha sido inscrita en la Lista del Patrimonio Mundial del comit\u00e9 correspondiente la UNESCO, que se celebra su XXXVII Reuni\u00f3n en Camboya. Excelente noticia el registro, mismo que se suma a [&hellip;]"}

eloriente.net 21 de junio de 2013 A partir de hoy, la Reserva de la Biósfera El Pinacate y Gran Desierto de Altar, en Sonora, ha sido inscrita en la Lista del Patrimonio Mundial del comité correspondiente la UNESCO, que se celebra su XXXVII Reunión en Camboya. Excelente noticia el registro, mismo que se suma a [&hellip;]
