{"version":"1.0","provider_name":"eloriente.net","provider_url":"http:\/\/www.eloriente.net\/home","author_name":"Alejandra Silva Soriano","author_url":"http:\/\/www.eloriente.net\/home\/author\/alejandra\/","title":"Personas con Discapacidad en la reconstrucci\u00f3n del pa\u00eds - eloriente.net","type":"rich","width":600,"height":338,"html":"<blockquote class=\"wp-embedded-content\" data-secret=\"HMTzDOD6F5\"><a href=\"http:\/\/www.eloriente.net\/home\/2013\/09\/26\/personas-con-discapacidad-en-la-reconstruccion-del-pais\/\">Personas con Discapacidad en la reconstrucci\u00f3n del pa\u00eds<\/a><\/blockquote><iframe sandbox=\"allow-scripts\" security=\"restricted\" src=\"http:\/\/www.eloriente.net\/home\/2013\/09\/26\/personas-con-discapacidad-en-la-reconstruccion-del-pais\/embed\/#?secret=HMTzDOD6F5\" width=\"600\" height=\"338\" title=\"\u00abPersonas con Discapacidad en la reconstrucci\u00f3n del pa\u00eds\u00bb \u2014 eloriente.net\" data-secret=\"HMTzDOD6F5\" frameborder=\"0\" marginwidth=\"0\" marginheight=\"0\" scrolling=\"no\" class=\"wp-embedded-content\"><\/iframe><script type=\"text\/javascript\">\n\/* <![CDATA[ *\/\n\/*! This file is auto-generated *\/\n!function(d,l){\"use strict\";l.querySelector&&d.addEventListener&&\"undefined\"!=typeof URL&&(d.wp=d.wp||{},d.wp.receiveEmbedMessage||(d.wp.receiveEmbedMessage=function(e){var t=e.data;if((t||t.secret||t.message||t.value)&&!\/[^a-zA-Z0-9]\/.test(t.secret)){for(var s,r,n,a=l.querySelectorAll('iframe[data-secret=\"'+t.secret+'\"]'),o=l.querySelectorAll('blockquote[data-secret=\"'+t.secret+'\"]'),c=new RegExp(\"^https?:$\",\"i\"),i=0;i<o.length;i++)o[i].style.display=\"none\";for(i=0;i<a.length;i++)s=a[i],e.source===s.contentWindow&&(s.removeAttribute(\"style\"),\"height\"===t.message?(1e3<(r=parseInt(t.value,10))?r=1e3:~~r<200&&(r=200),s.height=r):\"link\"===t.message&&(r=new URL(s.getAttribute(\"src\")),n=new URL(t.value),c.test(n.protocol))&&n.host===r.host&&l.activeElement===s&&(d.top.location.href=t.value))}},d.addEventListener(\"message\",d.wp.receiveEmbedMessage,!1),l.addEventListener(\"DOMContentLoaded\",function(){for(var e,t,s=l.querySelectorAll(\"iframe.wp-embedded-content\"),r=0;r<s.length;r++)(t=(e=s[r]).getAttribute(\"data-secret\"))||(t=Math.random().toString(36).substring(2,12),e.src+=\"#?secret=\"+t,e.setAttribute(\"data-secret\",t)),e.contentWindow.postMessage({message:\"ready\",secret:t},\"*\")},!1)))}(window,document);\n\/* ]]> *\/\n<\/script>\n","description":"eloriente.net 26 de septiembre de 2013 Por: Alejandra Silva Soriano En una ocasi\u00f3n vi una pel\u00edcula que me dej\u00f3 un mensaje muy bonito, dec\u00eda que las ruinas, en el sentido m\u00e1s amplio de la palabra, son un \u201cregalo\u201d, porque representan el camino a la transformaci\u00f3n y te dan la oportunidad de hacer mejor las cosas. [&hellip;]","thumbnail_url":"http:\/\/www.eloriente.net\/home\/wp-content\/themes\/city-desk\/timthumb.php?src=http%3A%2F%2Fwww.eloriente.net%2Fhome%2Fwp-content%2Fuploads%2F2013%2F09%2FMap-n22-discapcitados-en-museos.jpg&amp;q=90&amp;w=160&amp;h=106&amp;zc=1"}

Personas con Discapacidad en la reconstrucción del país - eloriente.net

<blockquote class="wp-embedded-content" data-secret="HMTzDOD6F5"><a href="http://www.eloriente.net/home/2013/09/26/personas-con-discapacidad-en-la-reconstruccion-del-pais/">Personas con Discapacidad en la reconstrucción del país</a></blockquote><iframe sandbox="allow-scripts" security="restricted" src="http://www.eloriente.net/home/2013/09/26/personas-con-discapacidad-en-la-reconstruccion-del-pais/embed/#?secret=HMTzDOD6F5" width="600" height="338" title="«Personas con Discapacidad en la reconstrucción del país» — eloriente.net" data-secret="HMTzDOD6F5" frameborder="0" marginwidth="0" marginheight="0" scrolling="no" class="wp-embedded-content"></iframe><script type="text/javascript">
/* <![CDATA[ */
/*! This file is auto-generated */
!function(d,l){"use strict";l.querySelector&&d.addEventListener&&"undefined"!=typeof URL&&(d.wp=d.wp||{},d.wp.receiveEmbedMessage||(d.wp.receiveEmbedMessage=function(e){var t=e.data;if((t||t.secret||t.message||t.value)&&!/[^a-zA-Z0-9]/.test(t.secret)){for(var s,r,n,a=l.querySelectorAll('iframe[data-secret="'+t.secret+'"]'),o=l.querySelectorAll('blockquote[data-secret="'+t.secret+'"]'),c=new RegExp("^https?:$","i"),i=0;i<o.length;i++)o[i].style.display="none";for(i=0;i<a.length;i++)s=a[i],e.source===s.contentWindow&&(s.removeAttribute("style"),"height"===t.message?(1e3<(r=parseInt(t.value,10))?r=1e3:~~r<200&&(r=200),s.height=r):"link"===t.message&&(r=new URL(s.getAttribute("src")),n=new URL(t.value),c.test(n.protocol))&&n.host===r.host&&l.activeElement===s&&(d.top.location.href=t.value))}},d.addEventListener("message",d.wp.receiveEmbedMessage,!1),l.addEventListener("DOMContentLoaded",function(){for(var e,t,s=l.querySelectorAll("iframe.wp-embedded-content"),r=0;r<s.length;r++)(t=(e=s[r]).getAttribute("data-secret"))||(t=Math.random().toString(36).substring(2,12),e.src+="#?secret="+t,e.setAttribute("data-secret",t)),e.contentWindow.postMessage({message:"ready",secret:t},"*")},!1)))}(window,document);
/* ]]> */
</script>

eloriente.net 26 de septiembre de 2013 Por: Alejandra Silva Soriano En una ocasión vi una película que me dejó un mensaje muy bonito, decía que las ruinas, en el sentido más amplio de la palabra, son un “regalo”, porque representan el camino a la transformación y te dan la oportunidad de hacer mejor las cosas. [&hellip;]
