{"version":"1.0","provider_name":"eloriente.net","provider_url":"http:\/\/www.eloriente.net\/home","author_name":"Hub Oaxaca","author_url":"http:\/\/www.eloriente.net\/home\/author\/huboriente\/","title":"Trabajo Infantil: Demos una oportunidad a las ni\u00f1as - eloriente.net","type":"rich","width":600,"height":338,"html":"<blockquote class=\"wp-embedded-content\" data-secret=\"Or6wGTv8aM\"><a href=\"http:\/\/www.eloriente.net\/home\/2013\/10\/23\/trabajo-infantil-demos-una-oportunidad-a-las-ninas\/\">Trabajo Infantil: Demos una oportunidad a las ni\u00f1as<\/a><\/blockquote><iframe sandbox=\"allow-scripts\" security=\"restricted\" src=\"http:\/\/www.eloriente.net\/home\/2013\/10\/23\/trabajo-infantil-demos-una-oportunidad-a-las-ninas\/embed\/#?secret=Or6wGTv8aM\" width=\"600\" height=\"338\" title=\"\u00abTrabajo Infantil: Demos una oportunidad a las ni\u00f1as\u00bb \u2014 eloriente.net\" data-secret=\"Or6wGTv8aM\" frameborder=\"0\" marginwidth=\"0\" marginheight=\"0\" scrolling=\"no\" class=\"wp-embedded-content\"><\/iframe><script type=\"text\/javascript\">\n\/* <![CDATA[ *\/\n\/*! This file is auto-generated *\/\n!function(d,l){\"use strict\";l.querySelector&&d.addEventListener&&\"undefined\"!=typeof URL&&(d.wp=d.wp||{},d.wp.receiveEmbedMessage||(d.wp.receiveEmbedMessage=function(e){var t=e.data;if((t||t.secret||t.message||t.value)&&!\/[^a-zA-Z0-9]\/.test(t.secret)){for(var s,r,n,a=l.querySelectorAll('iframe[data-secret=\"'+t.secret+'\"]'),o=l.querySelectorAll('blockquote[data-secret=\"'+t.secret+'\"]'),c=new RegExp(\"^https?:$\",\"i\"),i=0;i<o.length;i++)o[i].style.display=\"none\";for(i=0;i<a.length;i++)s=a[i],e.source===s.contentWindow&&(s.removeAttribute(\"style\"),\"height\"===t.message?(1e3<(r=parseInt(t.value,10))?r=1e3:~~r<200&&(r=200),s.height=r):\"link\"===t.message&&(r=new URL(s.getAttribute(\"src\")),n=new URL(t.value),c.test(n.protocol))&&n.host===r.host&&l.activeElement===s&&(d.top.location.href=t.value))}},d.addEventListener(\"message\",d.wp.receiveEmbedMessage,!1),l.addEventListener(\"DOMContentLoaded\",function(){for(var e,t,s=l.querySelectorAll(\"iframe.wp-embedded-content\"),r=0;r<s.length;r++)(t=(e=s[r]).getAttribute(\"data-secret\"))||(t=Math.random().toString(36).substring(2,12),e.src+=\"#?secret=\"+t,e.setAttribute(\"data-secret\",t)),e.contentWindow.postMessage({message:\"ready\",secret:t},\"*\")},!1)))}(window,document);\n\/* ]]> *\/\n<\/script>\n","description":"eloriente.net\/Hub Oaxaca 23 de octubre de 2013 Por: Hub Oaxaca Las estimaciones mundiales m\u00e1s recientes de la OIT sobre la magnitud del trabajo\u00a0infantil indicaban que exist\u00edan m\u00e1s de 100 millones de ni\u00f1as trabajadoras.\u00a0Estas ni\u00f1as\u00a0representan aproximadamente el 46 por ciento de todos los ni\u00f1os que trabajan.\u00a0Se calculaba que unos 53 millones de ni\u00f1as realizaban\u00a0trabajos peligrosos,identificados como [&hellip;]","thumbnail_url":"http:\/\/www.eloriente.net\/home\/wp-content\/themes\/city-desk\/timthumb.php?src=http%3A%2F%2Fwww.eloriente.net%2Fhome%2Fwp-content%2Fuploads%2F2013%2F09%2FVejez-Algunos-derechos-reservados-por-alma-81.jpg&amp;q=90&amp;w=160&amp;h=106&amp;zc=1"}

Trabajo Infantil: Demos una oportunidad a las niñas - eloriente.net

<blockquote class="wp-embedded-content" data-secret="Or6wGTv8aM"><a href="http://www.eloriente.net/home/2013/10/23/trabajo-infantil-demos-una-oportunidad-a-las-ninas/">Trabajo Infantil: Demos una oportunidad a las niñas</a></blockquote><iframe sandbox="allow-scripts" security="restricted" src="http://www.eloriente.net/home/2013/10/23/trabajo-infantil-demos-una-oportunidad-a-las-ninas/embed/#?secret=Or6wGTv8aM" width="600" height="338" title="«Trabajo Infantil: Demos una oportunidad a las niñas» — eloriente.net" data-secret="Or6wGTv8aM" frameborder="0" marginwidth="0" marginheight="0" scrolling="no" class="wp-embedded-content"></iframe><script type="text/javascript">
/* <![CDATA[ */
/*! This file is auto-generated */
!function(d,l){"use strict";l.querySelector&&d.addEventListener&&"undefined"!=typeof URL&&(d.wp=d.wp||{},d.wp.receiveEmbedMessage||(d.wp.receiveEmbedMessage=function(e){var t=e.data;if((t||t.secret||t.message||t.value)&&!/[^a-zA-Z0-9]/.test(t.secret)){for(var s,r,n,a=l.querySelectorAll('iframe[data-secret="'+t.secret+'"]'),o=l.querySelectorAll('blockquote[data-secret="'+t.secret+'"]'),c=new RegExp("^https?:$","i"),i=0;i<o.length;i++)o[i].style.display="none";for(i=0;i<a.length;i++)s=a[i],e.source===s.contentWindow&&(s.removeAttribute("style"),"height"===t.message?(1e3<(r=parseInt(t.value,10))?r=1e3:~~r<200&&(r=200),s.height=r):"link"===t.message&&(r=new URL(s.getAttribute("src")),n=new URL(t.value),c.test(n.protocol))&&n.host===r.host&&l.activeElement===s&&(d.top.location.href=t.value))}},d.addEventListener("message",d.wp.receiveEmbedMessage,!1),l.addEventListener("DOMContentLoaded",function(){for(var e,t,s=l.querySelectorAll("iframe.wp-embedded-content"),r=0;r<s.length;r++)(t=(e=s[r]).getAttribute("data-secret"))||(t=Math.random().toString(36).substring(2,12),e.src+="#?secret="+t,e.setAttribute("data-secret",t)),e.contentWindow.postMessage({message:"ready",secret:t},"*")},!1)))}(window,document);
/* ]]> */
</script>

eloriente.net/Hub Oaxaca 23 de octubre de 2013 Por: Hub Oaxaca Las estimaciones mundiales más recientes de la OIT sobre la magnitud del trabajo infantil indicaban que existían más de 100 millones de niñas trabajadoras. Estas niñas representan aproximadamente el 46 por ciento de todos los niños que trabajan. Se calculaba que unos 53 millones de niñas realizaban trabajos peligrosos,identificados como [&hellip;]
