{"version":"1.0","provider_name":"eloriente.net","provider_url":"http:\/\/www.eloriente.net\/home","author_name":"admin","author_url":"http:\/\/www.eloriente.net\/home\/author\/admin\/","title":"En Memoria de Alfonso Calvo Cuevas - eloriente.net","type":"rich","width":600,"height":338,"html":"<blockquote class=\"wp-embedded-content\" data-secret=\"KQYQ5R4W17\"><a href=\"http:\/\/www.eloriente.net\/home\/2013\/10\/25\/en-memoria-de-alfonso-calvo-cuevas\/\">En Memoria de Alfonso Calvo Cuevas<\/a><\/blockquote><iframe sandbox=\"allow-scripts\" security=\"restricted\" src=\"http:\/\/www.eloriente.net\/home\/2013\/10\/25\/en-memoria-de-alfonso-calvo-cuevas\/embed\/#?secret=KQYQ5R4W17\" width=\"600\" height=\"338\" title=\"\u00abEn Memoria de Alfonso Calvo Cuevas\u00bb \u2014 eloriente.net\" data-secret=\"KQYQ5R4W17\" frameborder=\"0\" marginwidth=\"0\" marginheight=\"0\" scrolling=\"no\" class=\"wp-embedded-content\"><\/iframe><script type=\"text\/javascript\">\n\/* <![CDATA[ *\/\n\/*! This file is auto-generated *\/\n!function(d,l){\"use strict\";l.querySelector&&d.addEventListener&&\"undefined\"!=typeof URL&&(d.wp=d.wp||{},d.wp.receiveEmbedMessage||(d.wp.receiveEmbedMessage=function(e){var t=e.data;if((t||t.secret||t.message||t.value)&&!\/[^a-zA-Z0-9]\/.test(t.secret)){for(var s,r,n,a=l.querySelectorAll('iframe[data-secret=\"'+t.secret+'\"]'),o=l.querySelectorAll('blockquote[data-secret=\"'+t.secret+'\"]'),c=new RegExp(\"^https?:$\",\"i\"),i=0;i<o.length;i++)o[i].style.display=\"none\";for(i=0;i<a.length;i++)s=a[i],e.source===s.contentWindow&&(s.removeAttribute(\"style\"),\"height\"===t.message?(1e3<(r=parseInt(t.value,10))?r=1e3:~~r<200&&(r=200),s.height=r):\"link\"===t.message&&(r=new URL(s.getAttribute(\"src\")),n=new URL(t.value),c.test(n.protocol))&&n.host===r.host&&l.activeElement===s&&(d.top.location.href=t.value))}},d.addEventListener(\"message\",d.wp.receiveEmbedMessage,!1),l.addEventListener(\"DOMContentLoaded\",function(){for(var e,t,s=l.querySelectorAll(\"iframe.wp-embedded-content\"),r=0;r<s.length;r++)(t=(e=s[r]).getAttribute(\"data-secret\"))||(t=Math.random().toString(36).substring(2,12),e.src+=\"#?secret=\"+t,e.setAttribute(\"data-secret\",t)),e.contentWindow.postMessage({message:\"ready\",secret:t},\"*\")},!1)))}(window,document);\n\/* ]]> *\/\n<\/script>\n","thumbnail_url":"https:\/\/www.eloriente.net\/home\/wp-content\/uploads\/2013\/10\/AlfonsoCalvo-@ticogomez.jpg","thumbnail_width":"400","thumbnail_height":"339","description":"eloriente.net 25 de octubre de 2013 La madrugada de este d\u00eda se dio a conocer el fallecimiento de Don Alfonso Calvo Cuevas, ser humano muy apreciado en Oaxaca. De ah\u00ed, que el Cronista de la Ciudad nos hiciera llegar este texto de su autor\u00eda, parte de su colecci\u00f3n de escritos: \u00abPersonajes de Oaxaca\u00bb. Por: Rub\u00e9n [&hellip;]"}

eloriente.net 25 de octubre de 2013 La madrugada de este día se dio a conocer el fallecimiento de Don Alfonso Calvo Cuevas, ser humano muy apreciado en Oaxaca. De ahí, que el Cronista de la Ciudad nos hiciera llegar este texto de su autoría, parte de su colección de escritos: «Personajes de Oaxaca». Por: Rubén [&hellip;]
