{"version":"1.0","provider_name":"eloriente.net","provider_url":"http:\/\/www.eloriente.net\/home","author_name":"C\u00e9sar","author_url":"http:\/\/www.eloriente.net\/home\/author\/cesar\/","title":"Da inicio Feria Internacional del Libro de Guadalajara  - eloriente.net","type":"rich","width":600,"height":338,"html":"<blockquote class=\"wp-embedded-content\" data-secret=\"BnVG27d6sx\"><a href=\"http:\/\/www.eloriente.net\/home\/2013\/11\/30\/da-inicio-feria-internacional-del-libro-de-guadalajara\/\">Da inicio Feria Internacional del Libro de Guadalajara<\/a><\/blockquote><iframe sandbox=\"allow-scripts\" security=\"restricted\" src=\"http:\/\/www.eloriente.net\/home\/2013\/11\/30\/da-inicio-feria-internacional-del-libro-de-guadalajara\/embed\/#?secret=BnVG27d6sx\" width=\"600\" height=\"338\" title=\"\u00abDa inicio Feria Internacional del Libro de Guadalajara\u00bb \u2014 eloriente.net\" data-secret=\"BnVG27d6sx\" frameborder=\"0\" marginwidth=\"0\" marginheight=\"0\" scrolling=\"no\" class=\"wp-embedded-content\"><\/iframe><script type=\"text\/javascript\">\n\/* <![CDATA[ *\/\n\/*! This file is auto-generated *\/\n!function(d,l){\"use strict\";l.querySelector&&d.addEventListener&&\"undefined\"!=typeof URL&&(d.wp=d.wp||{},d.wp.receiveEmbedMessage||(d.wp.receiveEmbedMessage=function(e){var t=e.data;if((t||t.secret||t.message||t.value)&&!\/[^a-zA-Z0-9]\/.test(t.secret)){for(var s,r,n,a=l.querySelectorAll('iframe[data-secret=\"'+t.secret+'\"]'),o=l.querySelectorAll('blockquote[data-secret=\"'+t.secret+'\"]'),c=new RegExp(\"^https?:$\",\"i\"),i=0;i<o.length;i++)o[i].style.display=\"none\";for(i=0;i<a.length;i++)s=a[i],e.source===s.contentWindow&&(s.removeAttribute(\"style\"),\"height\"===t.message?(1e3<(r=parseInt(t.value,10))?r=1e3:~~r<200&&(r=200),s.height=r):\"link\"===t.message&&(r=new URL(s.getAttribute(\"src\")),n=new URL(t.value),c.test(n.protocol))&&n.host===r.host&&l.activeElement===s&&(d.top.location.href=t.value))}},d.addEventListener(\"message\",d.wp.receiveEmbedMessage,!1),l.addEventListener(\"DOMContentLoaded\",function(){for(var e,t,s=l.querySelectorAll(\"iframe.wp-embedded-content\"),r=0;r<s.length;r++)(t=(e=s[r]).getAttribute(\"data-secret\"))||(t=Math.random().toString(36).substring(2,12),e.src+=\"#?secret=\"+t,e.setAttribute(\"data-secret\",t)),e.contentWindow.postMessage({message:\"ready\",secret:t},\"*\")},!1)))}(window,document);\n\/* ]]> *\/\n<\/script>\n","thumbnail_url":"https:\/\/www.eloriente.net\/home\/wp-content\/uploads\/2013\/11\/\u00a9FILGuadalajaraPaola-Villanueva-Bidault.jpg","thumbnail_width":"800","thumbnail_height":"532","description":"eloriente.net 30 de noviembre de 2013 Como cada a\u00f1o consecutivo desde 1987, dio inicio hoy la 27\u00ba edici\u00f3n de la Feria Internacional del Libro 2013 en la capital de Jalisco, organizada por la Universidad de Guadalajara. En esta ocasi\u00f3n el pa\u00eds invitado es Israel, que presentar\u00e1 una serie de actividades culturales y una delegaci\u00f3n literaria [&hellip;]"}

César

eloriente.net 30 de noviembre de 2013 Como cada año consecutivo desde 1987, dio inicio hoy la 27º edición de la Feria Internacional del Libro 2013 en la capital de Jalisco, organizada por la Universidad de Guadalajara. En esta ocasión el país invitado es Israel, que presentará una serie de actividades culturales y una delegación literaria [&hellip;]
