{"version":"1.0","provider_name":"eloriente.net","provider_url":"http:\/\/www.eloriente.net\/home","author_name":"Adri\u00e1n Ortiz","author_url":"http:\/\/www.eloriente.net\/home\/author\/adrian\/","title":"Cultura, como justicia, s\u00f3lo para quien paga - eloriente.net","type":"rich","width":600,"height":338,"html":"<blockquote class=\"wp-embedded-content\" data-secret=\"iDiv2Qk1Dp\"><a href=\"http:\/\/www.eloriente.net\/home\/2014\/05\/09\/cultura-como-justicia-solo-para-quien-paga\/\">Cultura, como justicia, s\u00f3lo para quien paga<\/a><\/blockquote><iframe sandbox=\"allow-scripts\" security=\"restricted\" src=\"http:\/\/www.eloriente.net\/home\/2014\/05\/09\/cultura-como-justicia-solo-para-quien-paga\/embed\/#?secret=iDiv2Qk1Dp\" width=\"600\" height=\"338\" title=\"\u00abCultura, como justicia, s\u00f3lo para quien paga\u00bb \u2014 eloriente.net\" data-secret=\"iDiv2Qk1Dp\" frameborder=\"0\" marginwidth=\"0\" marginheight=\"0\" scrolling=\"no\" class=\"wp-embedded-content\"><\/iframe><script type=\"text\/javascript\">\n\/* <![CDATA[ *\/\n\/*! This file is auto-generated *\/\n!function(d,l){\"use strict\";l.querySelector&&d.addEventListener&&\"undefined\"!=typeof URL&&(d.wp=d.wp||{},d.wp.receiveEmbedMessage||(d.wp.receiveEmbedMessage=function(e){var t=e.data;if((t||t.secret||t.message||t.value)&&!\/[^a-zA-Z0-9]\/.test(t.secret)){for(var s,r,n,a=l.querySelectorAll('iframe[data-secret=\"'+t.secret+'\"]'),o=l.querySelectorAll('blockquote[data-secret=\"'+t.secret+'\"]'),c=new RegExp(\"^https?:$\",\"i\"),i=0;i<o.length;i++)o[i].style.display=\"none\";for(i=0;i<a.length;i++)s=a[i],e.source===s.contentWindow&&(s.removeAttribute(\"style\"),\"height\"===t.message?(1e3<(r=parseInt(t.value,10))?r=1e3:~~r<200&&(r=200),s.height=r):\"link\"===t.message&&(r=new URL(s.getAttribute(\"src\")),n=new URL(t.value),c.test(n.protocol))&&n.host===r.host&&l.activeElement===s&&(d.top.location.href=t.value))}},d.addEventListener(\"message\",d.wp.receiveEmbedMessage,!1),l.addEventListener(\"DOMContentLoaded\",function(){for(var e,t,s=l.querySelectorAll(\"iframe.wp-embedded-content\"),r=0;r<s.length;r++)(t=(e=s[r]).getAttribute(\"data-secret\"))||(t=Math.random().toString(36).substring(2,12),e.src+=\"#?secret=\"+t,e.setAttribute(\"data-secret\",t)),e.contentWindow.postMessage({message:\"ready\",secret:t},\"*\")},!1)))}(window,document);\n\/* ]]> *\/\n<\/script>\n","thumbnail_url":"https:\/\/www.eloriente.net\/home\/wp-content\/uploads\/2014\/05\/San-Pablo-Por-Gobierno-de-Oaxaca.jpg","thumbnail_width":"800","thumbnail_height":"533","description":"eloriente.net 9 de mayo de 2014 Por: Adri\u00e1n Ortiz Romero Cultura, como justicia, s\u00f3lo para quien paga Sistema cultural y el acceso popular, olvidados Para mi madre, Eila Cuevas:\u00a0\u00a0mi amor y admiraci\u00f3n, siempre No est\u00e1n erradas las aseveraciones que se\u00f1alan que a pesar de la riqueza cultural que tiene nuestra entidad, el acceso a la [&hellip;]"}

Adrián Ortiz

Cultura, como justicia, sólo para quien paga - eloriente.net

<blockquote class="wp-embedded-content" data-secret="iDiv2Qk1Dp"><a href="http://www.eloriente.net/home/2014/05/09/cultura-como-justicia-solo-para-quien-paga/">Cultura, como justicia, sólo para quien paga</a></blockquote><iframe sandbox="allow-scripts" security="restricted" src="http://www.eloriente.net/home/2014/05/09/cultura-como-justicia-solo-para-quien-paga/embed/#?secret=iDiv2Qk1Dp" width="600" height="338" title="«Cultura, como justicia, sólo para quien paga» — eloriente.net" data-secret="iDiv2Qk1Dp" frameborder="0" marginwidth="0" marginheight="0" scrolling="no" class="wp-embedded-content"></iframe><script type="text/javascript">
/* <![CDATA[ */
/*! This file is auto-generated */
!function(d,l){"use strict";l.querySelector&&d.addEventListener&&"undefined"!=typeof URL&&(d.wp=d.wp||{},d.wp.receiveEmbedMessage||(d.wp.receiveEmbedMessage=function(e){var t=e.data;if((t||t.secret||t.message||t.value)&&!/[^a-zA-Z0-9]/.test(t.secret)){for(var s,r,n,a=l.querySelectorAll('iframe[data-secret="'+t.secret+'"]'),o=l.querySelectorAll('blockquote[data-secret="'+t.secret+'"]'),c=new RegExp("^https?:$","i"),i=0;i<o.length;i++)o[i].style.display="none";for(i=0;i<a.length;i++)s=a[i],e.source===s.contentWindow&&(s.removeAttribute("style"),"height"===t.message?(1e3<(r=parseInt(t.value,10))?r=1e3:~~r<200&&(r=200),s.height=r):"link"===t.message&&(r=new URL(s.getAttribute("src")),n=new URL(t.value),c.test(n.protocol))&&n.host===r.host&&l.activeElement===s&&(d.top.location.href=t.value))}},d.addEventListener("message",d.wp.receiveEmbedMessage,!1),l.addEventListener("DOMContentLoaded",function(){for(var e,t,s=l.querySelectorAll("iframe.wp-embedded-content"),r=0;r<s.length;r++)(t=(e=s[r]).getAttribute("data-secret"))||(t=Math.random().toString(36).substring(2,12),e.src+="#?secret="+t,e.setAttribute("data-secret",t)),e.contentWindow.postMessage({message:"ready",secret:t},"*")},!1)))}(window,document);
/* ]]> */
</script>

eloriente.net 9 de mayo de 2014 Por: Adrián Ortiz Romero Cultura, como justicia, sólo para quien paga Sistema cultural y el acceso popular, olvidados Para mi madre, Eila Cuevas:  mi amor y admiración, siempre No están erradas las aseveraciones que señalan que a pesar de la riqueza cultural que tiene nuestra entidad, el acceso a la [&hellip;]
