{"version":"1.0","provider_name":"eloriente.net","provider_url":"http:\/\/www.eloriente.net\/home","author_name":"admin","author_url":"http:\/\/www.eloriente.net\/home\/author\/admin\/","title":"15\/Jun\/14 En Vivo: Elecciones presidenciales en Colombia - eloriente.net","type":"rich","width":600,"height":338,"html":"<blockquote class=\"wp-embedded-content\" data-secret=\"fH5kfyzRja\"><a href=\"http:\/\/www.eloriente.net\/home\/2014\/06\/15\/15jun14-en-vivo-elecciones-presidenciales-en-colombia\/\">15\/Jun\/14 En Vivo: Elecciones presidenciales en Colombia<\/a><\/blockquote><iframe sandbox=\"allow-scripts\" security=\"restricted\" src=\"http:\/\/www.eloriente.net\/home\/2014\/06\/15\/15jun14-en-vivo-elecciones-presidenciales-en-colombia\/embed\/#?secret=fH5kfyzRja\" width=\"600\" height=\"338\" title=\"\u00ab15\/Jun\/14 En Vivo: Elecciones presidenciales en Colombia\u00bb \u2014 eloriente.net\" data-secret=\"fH5kfyzRja\" frameborder=\"0\" marginwidth=\"0\" marginheight=\"0\" scrolling=\"no\" class=\"wp-embedded-content\"><\/iframe><script type=\"text\/javascript\">\n\/* <![CDATA[ *\/\n\/*! This file is auto-generated *\/\n!function(d,l){\"use strict\";l.querySelector&&d.addEventListener&&\"undefined\"!=typeof URL&&(d.wp=d.wp||{},d.wp.receiveEmbedMessage||(d.wp.receiveEmbedMessage=function(e){var t=e.data;if((t||t.secret||t.message||t.value)&&!\/[^a-zA-Z0-9]\/.test(t.secret)){for(var s,r,n,a=l.querySelectorAll('iframe[data-secret=\"'+t.secret+'\"]'),o=l.querySelectorAll('blockquote[data-secret=\"'+t.secret+'\"]'),c=new RegExp(\"^https?:$\",\"i\"),i=0;i<o.length;i++)o[i].style.display=\"none\";for(i=0;i<a.length;i++)s=a[i],e.source===s.contentWindow&&(s.removeAttribute(\"style\"),\"height\"===t.message?(1e3<(r=parseInt(t.value,10))?r=1e3:~~r<200&&(r=200),s.height=r):\"link\"===t.message&&(r=new URL(s.getAttribute(\"src\")),n=new URL(t.value),c.test(n.protocol))&&n.host===r.host&&l.activeElement===s&&(d.top.location.href=t.value))}},d.addEventListener(\"message\",d.wp.receiveEmbedMessage,!1),l.addEventListener(\"DOMContentLoaded\",function(){for(var e,t,s=l.querySelectorAll(\"iframe.wp-embedded-content\"),r=0;r<s.length;r++)(t=(e=s[r]).getAttribute(\"data-secret\"))||(t=Math.random().toString(36).substring(2,12),e.src+=\"#?secret=\"+t,e.setAttribute(\"data-secret\",t)),e.contentWindow.postMessage({message:\"ready\",secret:t},\"*\")},!1)))}(window,document);\n\/* ]]> *\/\n<\/script>\n","thumbnail_url":"http:\/\/www.eloriente.net\/home\/wp-content\/uploads\/2014\/06\/Bandera-Colombia-Algunos-derechos-reservados-por-Ministerio-TIC-Colombia.jpg","thumbnail_width":"1000","thumbnail_height":"667","description":"eloriente.net 15 de junio de 2014 La segunda vuelta de las elecciones presidenciales 2014 se realiza este d\u00eda en Colombia, en la cual se elegir\u00e1 mandatario para los pr\u00f3ximos cuatro a\u00f1os. Como es habitual en ELORIENTE.NET, los d\u00edas de elecci\u00f3n procuramos enlazarte la transmisi\u00f3n de diversos medios nacionales para que, de maner puntual, puedas dar [&hellip;]"}

eloriente.net 15 de junio de 2014 La segunda vuelta de las elecciones presidenciales 2014 se realiza este día en Colombia, en la cual se elegirá mandatario para los próximos cuatro años. Como es habitual en ELORIENTE.NET, los días de elección procuramos enlazarte la transmisión de diversos medios nacionales para que, de maner puntual, puedas dar [&hellip;]
