{"version":"1.0","provider_name":"eloriente.net","provider_url":"http:\/\/www.eloriente.net\/home","author_name":"Tecnol\u00f3gico de Monterrey","author_url":"http:\/\/www.eloriente.net\/home\/author\/tec\/","title":"Incremento del salario m\u00ednimo elevar\u00e1 poder adquisitivo - eloriente.net","type":"rich","width":600,"height":338,"html":"<blockquote class=\"wp-embedded-content\" data-secret=\"9pJKz8k6N2\"><a href=\"http:\/\/www.eloriente.net\/home\/2014\/08\/22\/incremento-del-salario-minimo-elevara-poder-adquisitivo\/\">Incremento del salario m\u00ednimo elevar\u00e1 poder adquisitivo<\/a><\/blockquote><iframe sandbox=\"allow-scripts\" security=\"restricted\" src=\"http:\/\/www.eloriente.net\/home\/2014\/08\/22\/incremento-del-salario-minimo-elevara-poder-adquisitivo\/embed\/#?secret=9pJKz8k6N2\" width=\"600\" height=\"338\" title=\"\u00abIncremento del salario m\u00ednimo elevar\u00e1 poder adquisitivo\u00bb \u2014 eloriente.net\" data-secret=\"9pJKz8k6N2\" frameborder=\"0\" marginwidth=\"0\" marginheight=\"0\" scrolling=\"no\" class=\"wp-embedded-content\"><\/iframe><script type=\"text\/javascript\">\n\/* <![CDATA[ *\/\n\/*! This file is auto-generated *\/\n!function(d,l){\"use strict\";l.querySelector&&d.addEventListener&&\"undefined\"!=typeof URL&&(d.wp=d.wp||{},d.wp.receiveEmbedMessage||(d.wp.receiveEmbedMessage=function(e){var t=e.data;if((t||t.secret||t.message||t.value)&&!\/[^a-zA-Z0-9]\/.test(t.secret)){for(var s,r,n,a=l.querySelectorAll('iframe[data-secret=\"'+t.secret+'\"]'),o=l.querySelectorAll('blockquote[data-secret=\"'+t.secret+'\"]'),c=new RegExp(\"^https?:$\",\"i\"),i=0;i<o.length;i++)o[i].style.display=\"none\";for(i=0;i<a.length;i++)s=a[i],e.source===s.contentWindow&&(s.removeAttribute(\"style\"),\"height\"===t.message?(1e3<(r=parseInt(t.value,10))?r=1e3:~~r<200&&(r=200),s.height=r):\"link\"===t.message&&(r=new URL(s.getAttribute(\"src\")),n=new URL(t.value),c.test(n.protocol))&&n.host===r.host&&l.activeElement===s&&(d.top.location.href=t.value))}},d.addEventListener(\"message\",d.wp.receiveEmbedMessage,!1),l.addEventListener(\"DOMContentLoaded\",function(){for(var e,t,s=l.querySelectorAll(\"iframe.wp-embedded-content\"),r=0;r<s.length;r++)(t=(e=s[r]).getAttribute(\"data-secret\"))||(t=Math.random().toString(36).substring(2,12),e.src+=\"#?secret=\"+t,e.setAttribute(\"data-secret\",t)),e.contentWindow.postMessage({message:\"ready\",secret:t},\"*\")},!1)))}(window,document);\n\/* ]]> *\/\n<\/script>\n","thumbnail_url":"http:\/\/www.eloriente.net\/home\/wp-content\/uploads\/2014\/08\/XIMENA-ECHENIQUE_ECONOMIA-Y-FINANZAS_ITESM-1024x682.jpg","thumbnail_width":"1024","thumbnail_height":"682","description":"eloriente.net 22\/agosto\/2014 Ximena Echenique Romero, catedr\u00e1tica de la Escuela de Negocios y Estrategia del Tecnol\u00f3gico de Monterrey en Puebla, afirma que la propuesta de incrementar el salario m\u00ednimo por parte de Acci\u00f3n Nacional m\u00e1s que considerarla un gasto para el estado, es una medida para otorgarle el valor que ten\u00eda hace m\u00e1s de dos d\u00e9cadas, [&hellip;]"}

Tecnológico de Monterrey

Incremento del salario mínimo elevará poder adquisitivo - eloriente.net

<blockquote class="wp-embedded-content" data-secret="9pJKz8k6N2"><a href="http://www.eloriente.net/home/2014/08/22/incremento-del-salario-minimo-elevara-poder-adquisitivo/">Incremento del salario mínimo elevará poder adquisitivo</a></blockquote><iframe sandbox="allow-scripts" security="restricted" src="http://www.eloriente.net/home/2014/08/22/incremento-del-salario-minimo-elevara-poder-adquisitivo/embed/#?secret=9pJKz8k6N2" width="600" height="338" title="«Incremento del salario mínimo elevará poder adquisitivo» — eloriente.net" data-secret="9pJKz8k6N2" frameborder="0" marginwidth="0" marginheight="0" scrolling="no" class="wp-embedded-content"></iframe><script type="text/javascript">
/* <![CDATA[ */
/*! This file is auto-generated */
!function(d,l){"use strict";l.querySelector&&d.addEventListener&&"undefined"!=typeof URL&&(d.wp=d.wp||{},d.wp.receiveEmbedMessage||(d.wp.receiveEmbedMessage=function(e){var t=e.data;if((t||t.secret||t.message||t.value)&&!/[^a-zA-Z0-9]/.test(t.secret)){for(var s,r,n,a=l.querySelectorAll('iframe[data-secret="'+t.secret+'"]'),o=l.querySelectorAll('blockquote[data-secret="'+t.secret+'"]'),c=new RegExp("^https?:$","i"),i=0;i<o.length;i++)o[i].style.display="none";for(i=0;i<a.length;i++)s=a[i],e.source===s.contentWindow&&(s.removeAttribute("style"),"height"===t.message?(1e3<(r=parseInt(t.value,10))?r=1e3:~~r<200&&(r=200),s.height=r):"link"===t.message&&(r=new URL(s.getAttribute("src")),n=new URL(t.value),c.test(n.protocol))&&n.host===r.host&&l.activeElement===s&&(d.top.location.href=t.value))}},d.addEventListener("message",d.wp.receiveEmbedMessage,!1),l.addEventListener("DOMContentLoaded",function(){for(var e,t,s=l.querySelectorAll("iframe.wp-embedded-content"),r=0;r<s.length;r++)(t=(e=s[r]).getAttribute("data-secret"))||(t=Math.random().toString(36).substring(2,12),e.src+="#?secret="+t,e.setAttribute("data-secret",t)),e.contentWindow.postMessage({message:"ready",secret:t},"*")},!1)))}(window,document);
/* ]]> */
</script>

eloriente.net 22/agosto/2014 Ximena Echenique Romero, catedrática de la Escuela de Negocios y Estrategia del Tecnológico de Monterrey en Puebla, afirma que la propuesta de incrementar el salario mínimo por parte de Acción Nacional más que considerarla un gasto para el estado, es una medida para otorgarle el valor que tenía hace más de dos décadas, [&hellip;]
