{"version":"1.0","provider_name":"eloriente.net","provider_url":"http:\/\/www.eloriente.net\/home","author_name":"Adri\u00e1n Ortiz","author_url":"http:\/\/www.eloriente.net\/home\/author\/adrian\/","title":"Conflicto educativo en Oaxaca: bumerang para EPN - eloriente.net","type":"rich","width":600,"height":338,"html":"<blockquote class=\"wp-embedded-content\" data-secret=\"h5NWUrkhqL\"><a href=\"http:\/\/www.eloriente.net\/home\/2014\/09\/08\/conflicto-educativo-en-oaxaca-bumerang-para-epn\/\">Conflicto educativo en Oaxaca: bumerang para EPN<\/a><\/blockquote><iframe sandbox=\"allow-scripts\" security=\"restricted\" src=\"http:\/\/www.eloriente.net\/home\/2014\/09\/08\/conflicto-educativo-en-oaxaca-bumerang-para-epn\/embed\/#?secret=h5NWUrkhqL\" width=\"600\" height=\"338\" title=\"\u00abConflicto educativo en Oaxaca: bumerang para EPN\u00bb \u2014 eloriente.net\" data-secret=\"h5NWUrkhqL\" frameborder=\"0\" marginwidth=\"0\" marginheight=\"0\" scrolling=\"no\" class=\"wp-embedded-content\"><\/iframe><script type=\"text\/javascript\">\n\/* <![CDATA[ *\/\n\/*! This file is auto-generated *\/\n!function(d,l){\"use strict\";l.querySelector&&d.addEventListener&&\"undefined\"!=typeof URL&&(d.wp=d.wp||{},d.wp.receiveEmbedMessage||(d.wp.receiveEmbedMessage=function(e){var t=e.data;if((t||t.secret||t.message||t.value)&&!\/[^a-zA-Z0-9]\/.test(t.secret)){for(var s,r,n,a=l.querySelectorAll('iframe[data-secret=\"'+t.secret+'\"]'),o=l.querySelectorAll('blockquote[data-secret=\"'+t.secret+'\"]'),c=new RegExp(\"^https?:$\",\"i\"),i=0;i<o.length;i++)o[i].style.display=\"none\";for(i=0;i<a.length;i++)s=a[i],e.source===s.contentWindow&&(s.removeAttribute(\"style\"),\"height\"===t.message?(1e3<(r=parseInt(t.value,10))?r=1e3:~~r<200&&(r=200),s.height=r):\"link\"===t.message&&(r=new URL(s.getAttribute(\"src\")),n=new URL(t.value),c.test(n.protocol))&&n.host===r.host&&l.activeElement===s&&(d.top.location.href=t.value))}},d.addEventListener(\"message\",d.wp.receiveEmbedMessage,!1),l.addEventListener(\"DOMContentLoaded\",function(){for(var e,t,s=l.querySelectorAll(\"iframe.wp-embedded-content\"),r=0;r<s.length;r++)(t=(e=s[r]).getAttribute(\"data-secret\"))||(t=Math.random().toString(36).substring(2,12),e.src+=\"#?secret=\"+t,e.setAttribute(\"data-secret\",t)),e.contentWindow.postMessage({message:\"ready\",secret:t},\"*\")},!1)))}(window,document);\n\/* ]]> *\/\n<\/script>\n","thumbnail_url":"http:\/\/www.eloriente.net\/home\/wp-content\/uploads\/2013\/02\/Algunos-derechos-reservados-por-alviseni-dinero.jpg","thumbnail_width":"640","thumbnail_height":"426","description":"eloriente.net 8\/septiembre\/2014 D\u00e9ficit financiero, \u201cpapa caliente\u201d para SEP en 2015 El jueves pasado el gobierno del estado public\u00f3 un inusual comunicado en el que repasaba las circunstancias en que se dio el proceso de rezonificaci\u00f3n salarial de los trabajadores de la educaci\u00f3n en Oaxaca y, disimuladamente, le \u201canunciaba\u201d al gobierno federal el d\u00e9ficit y los [&hellip;]"}

Adrián Ortiz

eloriente.net 8/septiembre/2014 Déficit financiero, “papa caliente” para SEP en 2015 El jueves pasado el gobierno del estado publicó un inusual comunicado en el que repasaba las circunstancias en que se dio el proceso de rezonificación salarial de los trabajadores de la educación en Oaxaca y, disimuladamente, le “anunciaba” al gobierno federal el déficit y los [&hellip;]
