{"version":"1.0","provider_name":"eloriente.net","provider_url":"http:\/\/www.eloriente.net\/home","author_name":"admin","author_url":"http:\/\/www.eloriente.net\/home\/author\/admin\/","title":"Gu\u00eda de apoyo a personas con discapacidad - eloriente.net","type":"rich","width":600,"height":338,"html":"<blockquote class=\"wp-embedded-content\" data-secret=\"D80YaiXufh\"><a href=\"http:\/\/www.eloriente.net\/home\/2014\/09\/22\/guia-de-apoyo-a-personas-con-discapacidad\/\">Gu\u00eda de apoyo a personas con discapacidad<\/a><\/blockquote><iframe sandbox=\"allow-scripts\" security=\"restricted\" src=\"http:\/\/www.eloriente.net\/home\/2014\/09\/22\/guia-de-apoyo-a-personas-con-discapacidad\/embed\/#?secret=D80YaiXufh\" width=\"600\" height=\"338\" title=\"\u00abGu\u00eda de apoyo a personas con discapacidad\u00bb \u2014 eloriente.net\" data-secret=\"D80YaiXufh\" frameborder=\"0\" marginwidth=\"0\" marginheight=\"0\" scrolling=\"no\" class=\"wp-embedded-content\"><\/iframe><script type=\"text\/javascript\">\n\/* <![CDATA[ *\/\n\/*! This file is auto-generated *\/\n!function(d,l){\"use strict\";l.querySelector&&d.addEventListener&&\"undefined\"!=typeof URL&&(d.wp=d.wp||{},d.wp.receiveEmbedMessage||(d.wp.receiveEmbedMessage=function(e){var t=e.data;if((t||t.secret||t.message||t.value)&&!\/[^a-zA-Z0-9]\/.test(t.secret)){for(var s,r,n,a=l.querySelectorAll('iframe[data-secret=\"'+t.secret+'\"]'),o=l.querySelectorAll('blockquote[data-secret=\"'+t.secret+'\"]'),c=new RegExp(\"^https?:$\",\"i\"),i=0;i<o.length;i++)o[i].style.display=\"none\";for(i=0;i<a.length;i++)s=a[i],e.source===s.contentWindow&&(s.removeAttribute(\"style\"),\"height\"===t.message?(1e3<(r=parseInt(t.value,10))?r=1e3:~~r<200&&(r=200),s.height=r):\"link\"===t.message&&(r=new URL(s.getAttribute(\"src\")),n=new URL(t.value),c.test(n.protocol))&&n.host===r.host&&l.activeElement===s&&(d.top.location.href=t.value))}},d.addEventListener(\"message\",d.wp.receiveEmbedMessage,!1),l.addEventListener(\"DOMContentLoaded\",function(){for(var e,t,s=l.querySelectorAll(\"iframe.wp-embedded-content\"),r=0;r<s.length;r++)(t=(e=s[r]).getAttribute(\"data-secret\"))||(t=Math.random().toString(36).substring(2,12),e.src+=\"#?secret=\"+t,e.setAttribute(\"data-secret\",t)),e.contentWindow.postMessage({message:\"ready\",secret:t},\"*\")},!1)))}(window,document);\n\/* ]]> *\/\n<\/script>\n","thumbnail_url":"http:\/\/www.eloriente.net\/home\/wp-content\/uploads\/2014\/09\/Magistrado-Alfredo-Rodrigo-Lagunas-Rivera1.jpg","thumbnail_width":"3456","thumbnail_height":"5184","description":"eloriente.net \/ Tribunal Superior de Justicia 22\/septiembre\/2014 \u2022 Es necesario un cambio en la cultura jur\u00eddica que garantice a este sector de la poblaci\u00f3n una mejor atenci\u00f3n, afirm\u00f3 el magistrado Alfredo Lagunas Rivera En Oaxaca las personas con discapacidad deben tener el reconocimiento como sujetos plenos ante la ley, lo que hace necesario un cambio [&hellip;]"}

Guía de apoyo a personas con discapacidad - eloriente.net

<blockquote class="wp-embedded-content" data-secret="D80YaiXufh"><a href="http://www.eloriente.net/home/2014/09/22/guia-de-apoyo-a-personas-con-discapacidad/">Guía de apoyo a personas con discapacidad</a></blockquote><iframe sandbox="allow-scripts" security="restricted" src="http://www.eloriente.net/home/2014/09/22/guia-de-apoyo-a-personas-con-discapacidad/embed/#?secret=D80YaiXufh" width="600" height="338" title="«Guía de apoyo a personas con discapacidad» — eloriente.net" data-secret="D80YaiXufh" frameborder="0" marginwidth="0" marginheight="0" scrolling="no" class="wp-embedded-content"></iframe><script type="text/javascript">
/* <![CDATA[ */
/*! This file is auto-generated */
!function(d,l){"use strict";l.querySelector&&d.addEventListener&&"undefined"!=typeof URL&&(d.wp=d.wp||{},d.wp.receiveEmbedMessage||(d.wp.receiveEmbedMessage=function(e){var t=e.data;if((t||t.secret||t.message||t.value)&&!/[^a-zA-Z0-9]/.test(t.secret)){for(var s,r,n,a=l.querySelectorAll('iframe[data-secret="'+t.secret+'"]'),o=l.querySelectorAll('blockquote[data-secret="'+t.secret+'"]'),c=new RegExp("^https?:$","i"),i=0;i<o.length;i++)o[i].style.display="none";for(i=0;i<a.length;i++)s=a[i],e.source===s.contentWindow&&(s.removeAttribute("style"),"height"===t.message?(1e3<(r=parseInt(t.value,10))?r=1e3:~~r<200&&(r=200),s.height=r):"link"===t.message&&(r=new URL(s.getAttribute("src")),n=new URL(t.value),c.test(n.protocol))&&n.host===r.host&&l.activeElement===s&&(d.top.location.href=t.value))}},d.addEventListener("message",d.wp.receiveEmbedMessage,!1),l.addEventListener("DOMContentLoaded",function(){for(var e,t,s=l.querySelectorAll("iframe.wp-embedded-content"),r=0;r<s.length;r++)(t=(e=s[r]).getAttribute("data-secret"))||(t=Math.random().toString(36).substring(2,12),e.src+="#?secret="+t,e.setAttribute("data-secret",t)),e.contentWindow.postMessage({message:"ready",secret:t},"*")},!1)))}(window,document);
/* ]]> */
</script>

eloriente.net / Tribunal Superior de Justicia 22/septiembre/2014 • Es necesario un cambio en la cultura jurídica que garantice a este sector de la población una mejor atención, afirmó el magistrado Alfredo Lagunas Rivera En Oaxaca las personas con discapacidad deben tener el reconocimiento como sujetos plenos ante la ley, lo que hace necesario un cambio [&hellip;]
