{"version":"1.0","provider_name":"eloriente.net","provider_url":"http:\/\/www.eloriente.net\/home","author_name":"admin","author_url":"http:\/\/www.eloriente.net\/home\/author\/admin\/","title":"Encuentro Gabino-Ulises: Explicaciones - eloriente.net","type":"rich","width":600,"height":338,"html":"<blockquote class=\"wp-embedded-content\" data-secret=\"EZImf72LKi\"><a href=\"http:\/\/www.eloriente.net\/home\/2014\/09\/23\/encuentro-gabino-ulises-explicaciones\/\">Encuentro Gabino-Ulises: Explicaciones<\/a><\/blockquote><iframe sandbox=\"allow-scripts\" security=\"restricted\" src=\"http:\/\/www.eloriente.net\/home\/2014\/09\/23\/encuentro-gabino-ulises-explicaciones\/embed\/#?secret=EZImf72LKi\" width=\"600\" height=\"338\" title=\"\u00abEncuentro Gabino-Ulises: Explicaciones\u00bb \u2014 eloriente.net\" data-secret=\"EZImf72LKi\" frameborder=\"0\" marginwidth=\"0\" marginheight=\"0\" scrolling=\"no\" class=\"wp-embedded-content\"><\/iframe><script type=\"text\/javascript\">\n\/* <![CDATA[ *\/\n\/*! This file is auto-generated *\/\n!function(d,l){\"use strict\";l.querySelector&&d.addEventListener&&\"undefined\"!=typeof URL&&(d.wp=d.wp||{},d.wp.receiveEmbedMessage||(d.wp.receiveEmbedMessage=function(e){var t=e.data;if((t||t.secret||t.message||t.value)&&!\/[^a-zA-Z0-9]\/.test(t.secret)){for(var s,r,n,a=l.querySelectorAll('iframe[data-secret=\"'+t.secret+'\"]'),o=l.querySelectorAll('blockquote[data-secret=\"'+t.secret+'\"]'),c=new RegExp(\"^https?:$\",\"i\"),i=0;i<o.length;i++)o[i].style.display=\"none\";for(i=0;i<a.length;i++)s=a[i],e.source===s.contentWindow&&(s.removeAttribute(\"style\"),\"height\"===t.message?(1e3<(r=parseInt(t.value,10))?r=1e3:~~r<200&&(r=200),s.height=r):\"link\"===t.message&&(r=new URL(s.getAttribute(\"src\")),n=new URL(t.value),c.test(n.protocol))&&n.host===r.host&&l.activeElement===s&&(d.top.location.href=t.value))}},d.addEventListener(\"message\",d.wp.receiveEmbedMessage,!1),l.addEventListener(\"DOMContentLoaded\",function(){for(var e,t,s=l.querySelectorAll(\"iframe.wp-embedded-content\"),r=0;r<s.length;r++)(t=(e=s[r]).getAttribute(\"data-secret\"))||(t=Math.random().toString(36).substring(2,12),e.src+=\"#?secret=\"+t,e.setAttribute(\"data-secret\",t)),e.contentWindow.postMessage({message:\"ready\",secret:t},\"*\")},!1)))}(window,document);\n\/* ]]> *\/\n<\/script>\n","thumbnail_url":"http:\/\/www.eloriente.net\/home\/wp-content\/uploads\/2014\/09\/Captura-de-pantalla-2014-09-23-a-las-12.01.33.png","thumbnail_width":"545","thumbnail_height":"477","description":"eloriente.net 23 de septiembre de 2014 As\u00ed comparti\u00f3 en su columna de hoy el periodista de La Jornada, Julio Hern\u00e1ndez, una foto en la cual aparecen los gobernadores de Oaxaca, Gabino Cu\u00e9 (2012-2016) y Ulises Ruiz (2004-2012). Sin mayores referencias temporales (a no ser por la anotaci\u00f3n de que la foto corresponde a un encuentro [&hellip;]"}

eloriente.net 23 de septiembre de 2014 Así compartió en su columna de hoy el periodista de La Jornada, Julio Hernández, una foto en la cual aparecen los gobernadores de Oaxaca, Gabino Cué (2012-2016) y Ulises Ruiz (2004-2012). Sin mayores referencias temporales (a no ser por la anotación de que la foto corresponde a un encuentro [&hellip;]
