{"version":"1.0","provider_name":"eloriente.net","provider_url":"http:\/\/www.eloriente.net\/home","author_name":"admin","author_url":"http:\/\/www.eloriente.net\/home\/author\/admin\/","title":"Noche de guitarra en San Pablo - eloriente.net","type":"rich","width":600,"height":338,"html":"<blockquote class=\"wp-embedded-content\" data-secret=\"8Mg91eiBEy\"><a href=\"http:\/\/www.eloriente.net\/home\/2014\/09\/26\/noche-de-guitarra-en-san-pablo\/\">Noche de guitarra en San Pablo<\/a><\/blockquote><iframe sandbox=\"allow-scripts\" security=\"restricted\" src=\"http:\/\/www.eloriente.net\/home\/2014\/09\/26\/noche-de-guitarra-en-san-pablo\/embed\/#?secret=8Mg91eiBEy\" width=\"600\" height=\"338\" title=\"\u00abNoche de guitarra en San Pablo\u00bb \u2014 eloriente.net\" data-secret=\"8Mg91eiBEy\" frameborder=\"0\" marginwidth=\"0\" marginheight=\"0\" scrolling=\"no\" class=\"wp-embedded-content\"><\/iframe><script type=\"text\/javascript\">\n\/* <![CDATA[ *\/\n\/*! This file is auto-generated *\/\n!function(d,l){\"use strict\";l.querySelector&&d.addEventListener&&\"undefined\"!=typeof URL&&(d.wp=d.wp||{},d.wp.receiveEmbedMessage||(d.wp.receiveEmbedMessage=function(e){var t=e.data;if((t||t.secret||t.message||t.value)&&!\/[^a-zA-Z0-9]\/.test(t.secret)){for(var s,r,n,a=l.querySelectorAll('iframe[data-secret=\"'+t.secret+'\"]'),o=l.querySelectorAll('blockquote[data-secret=\"'+t.secret+'\"]'),c=new RegExp(\"^https?:$\",\"i\"),i=0;i<o.length;i++)o[i].style.display=\"none\";for(i=0;i<a.length;i++)s=a[i],e.source===s.contentWindow&&(s.removeAttribute(\"style\"),\"height\"===t.message?(1e3<(r=parseInt(t.value,10))?r=1e3:~~r<200&&(r=200),s.height=r):\"link\"===t.message&&(r=new URL(s.getAttribute(\"src\")),n=new URL(t.value),c.test(n.protocol))&&n.host===r.host&&l.activeElement===s&&(d.top.location.href=t.value))}},d.addEventListener(\"message\",d.wp.receiveEmbedMessage,!1),l.addEventListener(\"DOMContentLoaded\",function(){for(var e,t,s=l.querySelectorAll(\"iframe.wp-embedded-content\"),r=0;r<s.length;r++)(t=(e=s[r]).getAttribute(\"data-secret\"))||(t=Math.random().toString(36).substring(2,12),e.src+=\"#?secret=\"+t,e.setAttribute(\"data-secret\",t)),e.contentWindow.postMessage({message:\"ready\",secret:t},\"*\")},!1)))}(window,document);\n\/* ]]> *\/\n<\/script>\n","thumbnail_url":"http:\/\/www.eloriente.net\/home\/wp-content\/uploads\/2014\/09\/Agenda.jpg","thumbnail_width":"468","thumbnail_height":"283","description":"eloriente.net \/ FAHHO 26\/septiembre\/2014 Se realizar\u00e1 concierto de Francisco Valentino Oma\u00f1a Guzm\u00e1n, el s\u00e1bado 27 de septiembre en el claustro del Centro Cultural San Pablo Como parte del Ciclo de Guitarra del Centro Cultural San Pablo, este s\u00e1bado 27 de septiembre se presentar\u00e1 en concierto Francisco Valentino Oma\u00f1a Guzm\u00e1n a las 19:00 horas en el [&hellip;]"}

eloriente.net / FAHHO 26/septiembre/2014 Se realizará concierto de Francisco Valentino Omaña Guzmán, el sábado 27 de septiembre en el claustro del Centro Cultural San Pablo Como parte del Ciclo de Guitarra del Centro Cultural San Pablo, este sábado 27 de septiembre se presentará en concierto Francisco Valentino Omaña Guzmán a las 19:00 horas en el [&hellip;]
