{"version":"1.0","provider_name":"eloriente.net","provider_url":"http:\/\/www.eloriente.net\/home","author_name":"Adri\u00e1n Ortiz","author_url":"http:\/\/www.eloriente.net\/home\/author\/adrian\/","title":"No necesitamos una fiscal\u00eda: urge aplicar la ley - eloriente.net","type":"rich","width":600,"height":338,"html":"<blockquote class=\"wp-embedded-content\" data-secret=\"DnjfuhekjH\"><a href=\"http:\/\/www.eloriente.net\/home\/2014\/12\/10\/no-necesitamos-una-fiscalia-urge-aplicar-la-ley\/\">No necesitamos una fiscal\u00eda: urge aplicar la ley<\/a><\/blockquote><iframe sandbox=\"allow-scripts\" security=\"restricted\" src=\"http:\/\/www.eloriente.net\/home\/2014\/12\/10\/no-necesitamos-una-fiscalia-urge-aplicar-la-ley\/embed\/#?secret=DnjfuhekjH\" width=\"600\" height=\"338\" title=\"\u00abNo necesitamos una fiscal\u00eda: urge aplicar la ley\u00bb \u2014 eloriente.net\" data-secret=\"DnjfuhekjH\" frameborder=\"0\" marginwidth=\"0\" marginheight=\"0\" scrolling=\"no\" class=\"wp-embedded-content\"><\/iframe><script type=\"text\/javascript\">\n\/* <![CDATA[ *\/\n\/*! This file is auto-generated *\/\n!function(d,l){\"use strict\";l.querySelector&&d.addEventListener&&\"undefined\"!=typeof URL&&(d.wp=d.wp||{},d.wp.receiveEmbedMessage||(d.wp.receiveEmbedMessage=function(e){var t=e.data;if((t||t.secret||t.message||t.value)&&!\/[^a-zA-Z0-9]\/.test(t.secret)){for(var s,r,n,a=l.querySelectorAll('iframe[data-secret=\"'+t.secret+'\"]'),o=l.querySelectorAll('blockquote[data-secret=\"'+t.secret+'\"]'),c=new RegExp(\"^https?:$\",\"i\"),i=0;i<o.length;i++)o[i].style.display=\"none\";for(i=0;i<a.length;i++)s=a[i],e.source===s.contentWindow&&(s.removeAttribute(\"style\"),\"height\"===t.message?(1e3<(r=parseInt(t.value,10))?r=1e3:~~r<200&&(r=200),s.height=r):\"link\"===t.message&&(r=new URL(s.getAttribute(\"src\")),n=new URL(t.value),c.test(n.protocol))&&n.host===r.host&&l.activeElement===s&&(d.top.location.href=t.value))}},d.addEventListener(\"message\",d.wp.receiveEmbedMessage,!1),l.addEventListener(\"DOMContentLoaded\",function(){for(var e,t,s=l.querySelectorAll(\"iframe.wp-embedded-content\"),r=0;r<s.length;r++)(t=(e=s[r]).getAttribute(\"data-secret\"))||(t=Math.random().toString(36).substring(2,12),e.src+=\"#?secret=\"+t,e.setAttribute(\"data-secret\",t)),e.contentWindow.postMessage({message:\"ready\",secret:t},\"*\")},!1)))}(window,document);\n\/* ]]> *\/\n<\/script>\n","thumbnail_url":"https:\/\/www.eloriente.net\/home\/wp-content\/uploads\/2012\/11\/GABINO-CUE-ENTREVISTA-220811-2-300x199.jpg","thumbnail_width":"300","thumbnail_height":"199","description":"PGJE: con alcances similares a la norma federal (www.eloriente.net, 10 de diciembre 2014; por Adri\u00e1n Ortiz Romero).- Dentro de las medidas que el gobernador Gabino Cu\u00e9 anunci\u00f3 en el marco del arranque de su quinto a\u00f1o de gesti\u00f3n, sobresali\u00f3 su disposici\u00f3n de realizar las modificaciones constitucionales que sean necesarias para adecuar el marco jur\u00eddico estatal [&hellip;]"}

Adrián Ortiz

No necesitamos una fiscalía: urge aplicar la ley - eloriente.net

<blockquote class="wp-embedded-content" data-secret="DnjfuhekjH"><a href="http://www.eloriente.net/home/2014/12/10/no-necesitamos-una-fiscalia-urge-aplicar-la-ley/">No necesitamos una fiscalía: urge aplicar la ley</a></blockquote><iframe sandbox="allow-scripts" security="restricted" src="http://www.eloriente.net/home/2014/12/10/no-necesitamos-una-fiscalia-urge-aplicar-la-ley/embed/#?secret=DnjfuhekjH" width="600" height="338" title="«No necesitamos una fiscalía: urge aplicar la ley» — eloriente.net" data-secret="DnjfuhekjH" frameborder="0" marginwidth="0" marginheight="0" scrolling="no" class="wp-embedded-content"></iframe><script type="text/javascript">
/* <![CDATA[ */
/*! This file is auto-generated */
!function(d,l){"use strict";l.querySelector&&d.addEventListener&&"undefined"!=typeof URL&&(d.wp=d.wp||{},d.wp.receiveEmbedMessage||(d.wp.receiveEmbedMessage=function(e){var t=e.data;if((t||t.secret||t.message||t.value)&&!/[^a-zA-Z0-9]/.test(t.secret)){for(var s,r,n,a=l.querySelectorAll('iframe[data-secret="'+t.secret+'"]'),o=l.querySelectorAll('blockquote[data-secret="'+t.secret+'"]'),c=new RegExp("^https?:$","i"),i=0;i<o.length;i++)o[i].style.display="none";for(i=0;i<a.length;i++)s=a[i],e.source===s.contentWindow&&(s.removeAttribute("style"),"height"===t.message?(1e3<(r=parseInt(t.value,10))?r=1e3:~~r<200&&(r=200),s.height=r):"link"===t.message&&(r=new URL(s.getAttribute("src")),n=new URL(t.value),c.test(n.protocol))&&n.host===r.host&&l.activeElement===s&&(d.top.location.href=t.value))}},d.addEventListener("message",d.wp.receiveEmbedMessage,!1),l.addEventListener("DOMContentLoaded",function(){for(var e,t,s=l.querySelectorAll("iframe.wp-embedded-content"),r=0;r<s.length;r++)(t=(e=s[r]).getAttribute("data-secret"))||(t=Math.random().toString(36).substring(2,12),e.src+="#?secret="+t,e.setAttribute("data-secret",t)),e.contentWindow.postMessage({message:"ready",secret:t},"*")},!1)))}(window,document);
/* ]]> */
</script>

PGJE: con alcances similares a la norma federal (www.eloriente.net, 10 de diciembre 2014; por Adrián Ortiz Romero).- Dentro de las medidas que el gobernador Gabino Cué anunció en el marco del arranque de su quinto año de gestión, sobresalió su disposición de realizar las modificaciones constitucionales que sean necesarias para adecuar el marco jurídico estatal [&hellip;]
