{"version":"1.0","provider_name":"eloriente.net","provider_url":"http:\/\/www.eloriente.net\/home","author_name":"admin","author_url":"http:\/\/www.eloriente.net\/home\/author\/admin\/","title":"La mayor discapacidad es la ignorancia: Cira Morales - eloriente.net","type":"rich","width":600,"height":338,"html":"<blockquote class=\"wp-embedded-content\" data-secret=\"oWckKMXpGq\"><a href=\"http:\/\/www.eloriente.net\/home\/2014\/12\/16\/la-mayor-discapacidad-es-la-ignorancia-cira-morales\/\">La mayor discapacidad es la ignorancia: Cira Morales<\/a><\/blockquote><iframe sandbox=\"allow-scripts\" security=\"restricted\" src=\"http:\/\/www.eloriente.net\/home\/2014\/12\/16\/la-mayor-discapacidad-es-la-ignorancia-cira-morales\/embed\/#?secret=oWckKMXpGq\" width=\"600\" height=\"338\" title=\"\u00abLa mayor discapacidad es la ignorancia: Cira Morales\u00bb \u2014 eloriente.net\" data-secret=\"oWckKMXpGq\" frameborder=\"0\" marginwidth=\"0\" marginheight=\"0\" scrolling=\"no\" class=\"wp-embedded-content\"><\/iframe><script type=\"text\/javascript\">\n\/* <![CDATA[ *\/\n\/*! This file is auto-generated *\/\n!function(d,l){\"use strict\";l.querySelector&&d.addEventListener&&\"undefined\"!=typeof URL&&(d.wp=d.wp||{},d.wp.receiveEmbedMessage||(d.wp.receiveEmbedMessage=function(e){var t=e.data;if((t||t.secret||t.message||t.value)&&!\/[^a-zA-Z0-9]\/.test(t.secret)){for(var s,r,n,a=l.querySelectorAll('iframe[data-secret=\"'+t.secret+'\"]'),o=l.querySelectorAll('blockquote[data-secret=\"'+t.secret+'\"]'),c=new RegExp(\"^https?:$\",\"i\"),i=0;i<o.length;i++)o[i].style.display=\"none\";for(i=0;i<a.length;i++)s=a[i],e.source===s.contentWindow&&(s.removeAttribute(\"style\"),\"height\"===t.message?(1e3<(r=parseInt(t.value,10))?r=1e3:~~r<200&&(r=200),s.height=r):\"link\"===t.message&&(r=new URL(s.getAttribute(\"src\")),n=new URL(t.value),c.test(n.protocol))&&n.host===r.host&&l.activeElement===s&&(d.top.location.href=t.value))}},d.addEventListener(\"message\",d.wp.receiveEmbedMessage,!1),l.addEventListener(\"DOMContentLoaded\",function(){for(var e,t,s=l.querySelectorAll(\"iframe.wp-embedded-content\"),r=0;r<s.length;r++)(t=(e=s[r]).getAttribute(\"data-secret\"))||(t=Math.random().toString(36).substring(2,12),e.src+=\"#?secret=\"+t,e.setAttribute(\"data-secret\",t)),e.contentWindow.postMessage({message:\"ready\",secret:t},\"*\")},!1)))}(window,document);\n\/* ]]> *\/\n<\/script>\n","thumbnail_url":"https:\/\/www.eloriente.net\/home\/wp-content\/uploads\/2014\/12\/20141212_174117.jpg","thumbnail_width":3200,"thumbnail_height":1920,"description":"eloriente.net\/Colegio Compartir Conocimiento A.C. 16 de diciembre de 2015 Oaxaca de Ju\u00e1rez, Oaxaca a 15 de diciembre del 2014.- Como parte de su vocaci\u00f3n acad\u00e9mica, el Colegio de Profesionistas \u201cCompartir Conocimiento\u201d Asociaci\u00f3n Civil realiz\u00f3 el Foro \u201cLos Derechos Humanos de las Personas con Discapacidad\u201d en donde la ponencia principal estuvo a cargo de la Doctora [&hellip;]"}

eloriente.net/Colegio Compartir Conocimiento A.C. 16 de diciembre de 2015 Oaxaca de Juárez, Oaxaca a 15 de diciembre del 2014.- Como parte de su vocación académica, el Colegio de Profesionistas “Compartir Conocimiento” Asociación Civil realizó el Foro “Los Derechos Humanos de las Personas con Discapacidad” en donde la ponencia principal estuvo a cargo de la Doctora [&hellip;]
