{"version":"1.0","provider_name":"eloriente.net","provider_url":"http:\/\/www.eloriente.net\/home","author_name":"Valery L\u00f3pez","author_url":"http:\/\/www.eloriente.net\/home\/author\/valery\/","title":"Oaxaca cuarto lugar nacional en casos de Zika - eloriente.net","type":"rich","width":600,"height":338,"html":"<blockquote class=\"wp-embedded-content\" data-secret=\"KPjt0pZ8Nn\"><a href=\"http:\/\/www.eloriente.net\/home\/2016\/09\/24\/oaxaca-cuarto-lugar-nacional-en-casos-de-zika\/\">Oaxaca cuarto lugar nacional en casos de Zika<\/a><\/blockquote><iframe sandbox=\"allow-scripts\" security=\"restricted\" src=\"http:\/\/www.eloriente.net\/home\/2016\/09\/24\/oaxaca-cuarto-lugar-nacional-en-casos-de-zika\/embed\/#?secret=KPjt0pZ8Nn\" width=\"600\" height=\"338\" title=\"\u00abOaxaca cuarto lugar nacional en casos de Zika\u00bb \u2014 eloriente.net\" data-secret=\"KPjt0pZ8Nn\" frameborder=\"0\" marginwidth=\"0\" marginheight=\"0\" scrolling=\"no\" class=\"wp-embedded-content\"><\/iframe><script type=\"text\/javascript\">\n\/* <![CDATA[ *\/\n\/*! This file is auto-generated *\/\n!function(d,l){\"use strict\";l.querySelector&&d.addEventListener&&\"undefined\"!=typeof URL&&(d.wp=d.wp||{},d.wp.receiveEmbedMessage||(d.wp.receiveEmbedMessage=function(e){var t=e.data;if((t||t.secret||t.message||t.value)&&!\/[^a-zA-Z0-9]\/.test(t.secret)){for(var s,r,n,a=l.querySelectorAll('iframe[data-secret=\"'+t.secret+'\"]'),o=l.querySelectorAll('blockquote[data-secret=\"'+t.secret+'\"]'),c=new RegExp(\"^https?:$\",\"i\"),i=0;i<o.length;i++)o[i].style.display=\"none\";for(i=0;i<a.length;i++)s=a[i],e.source===s.contentWindow&&(s.removeAttribute(\"style\"),\"height\"===t.message?(1e3<(r=parseInt(t.value,10))?r=1e3:~~r<200&&(r=200),s.height=r):\"link\"===t.message&&(r=new URL(s.getAttribute(\"src\")),n=new URL(t.value),c.test(n.protocol))&&n.host===r.host&&l.activeElement===s&&(d.top.location.href=t.value))}},d.addEventListener(\"message\",d.wp.receiveEmbedMessage,!1),l.addEventListener(\"DOMContentLoaded\",function(){for(var e,t,s=l.querySelectorAll(\"iframe.wp-embedded-content\"),r=0;r<s.length;r++)(t=(e=s[r]).getAttribute(\"data-secret\"))||(t=Math.random().toString(36).substring(2,12),e.src+=\"#?secret=\"+t,e.setAttribute(\"data-secret\",t)),e.contentWindow.postMessage({message:\"ready\",secret:t},\"*\")},!1)))}(window,document);\n\/* ]]> *\/\n<\/script>\n","thumbnail_url":"http:\/\/www.eloriente.net\/home\/wp-content\/uploads\/2016\/09\/3779182508_bbfe500895_b.jpg","thumbnail_width":1024,"thumbnail_height":768,"description":"&nbsp; &nbsp; Actualizaci\u00f3n 28 de septiembre de 2016 Para la semana epidemiol\u00f3gica n\u00famero 37, que abarca del 11 al 17 de septiembre de 2016, se presentaron 253 nuevos casos confirmados de Zika, con lo que el total a lo largo del territorio nacional asciende a 3253. Oaxaca s\u00f3lo present\u00f3 dos nuevos casos con lo que [&hellip;]"}

Valery López

&nbsp; &nbsp; Actualización 28 de septiembre de 2016 Para la semana epidemiológica número 37, que abarca del 11 al 17 de septiembre de 2016, se presentaron 253 nuevos casos confirmados de Zika, con lo que el total a lo largo del territorio nacional asciende a 3253. Oaxaca sólo presentó dos nuevos casos con lo que [&hellip;]
