{"version":"1.0","provider_name":"eloriente.net","provider_url":"http:\/\/www.eloriente.net\/home","author_name":"Jessica Lamadrid","author_url":"http:\/\/www.eloriente.net\/home\/author\/jessica\/","title":"Videos: \u00bfQu\u00e9 importancia tuvo Fidel Castro para la historia de Cuba? - eloriente.net","type":"rich","width":600,"height":338,"html":"<blockquote class=\"wp-embedded-content\" data-secret=\"6LFlu6kCGO\"><a href=\"http:\/\/www.eloriente.net\/home\/2016\/11\/26\/importancia-tuvo-fidel-castro-la-historia-cuba\/\">Videos: \u00bfQu\u00e9 importancia tuvo Fidel Castro para la historia de Cuba?<\/a><\/blockquote><iframe sandbox=\"allow-scripts\" security=\"restricted\" src=\"http:\/\/www.eloriente.net\/home\/2016\/11\/26\/importancia-tuvo-fidel-castro-la-historia-cuba\/embed\/#?secret=6LFlu6kCGO\" width=\"600\" height=\"338\" title=\"\u00abVideos: \u00bfQu\u00e9 importancia tuvo Fidel Castro para la historia de Cuba?\u00bb \u2014 eloriente.net\" data-secret=\"6LFlu6kCGO\" frameborder=\"0\" marginwidth=\"0\" marginheight=\"0\" scrolling=\"no\" class=\"wp-embedded-content\"><\/iframe><script type=\"text\/javascript\">\n\/* <![CDATA[ *\/\n\/*! This file is auto-generated *\/\n!function(d,l){\"use strict\";l.querySelector&&d.addEventListener&&\"undefined\"!=typeof URL&&(d.wp=d.wp||{},d.wp.receiveEmbedMessage||(d.wp.receiveEmbedMessage=function(e){var t=e.data;if((t||t.secret||t.message||t.value)&&!\/[^a-zA-Z0-9]\/.test(t.secret)){for(var s,r,n,a=l.querySelectorAll('iframe[data-secret=\"'+t.secret+'\"]'),o=l.querySelectorAll('blockquote[data-secret=\"'+t.secret+'\"]'),c=new RegExp(\"^https?:$\",\"i\"),i=0;i<o.length;i++)o[i].style.display=\"none\";for(i=0;i<a.length;i++)s=a[i],e.source===s.contentWindow&&(s.removeAttribute(\"style\"),\"height\"===t.message?(1e3<(r=parseInt(t.value,10))?r=1e3:~~r<200&&(r=200),s.height=r):\"link\"===t.message&&(r=new URL(s.getAttribute(\"src\")),n=new URL(t.value),c.test(n.protocol))&&n.host===r.host&&l.activeElement===s&&(d.top.location.href=t.value))}},d.addEventListener(\"message\",d.wp.receiveEmbedMessage,!1),l.addEventListener(\"DOMContentLoaded\",function(){for(var e,t,s=l.querySelectorAll(\"iframe.wp-embedded-content\"),r=0;r<s.length;r++)(t=(e=s[r]).getAttribute(\"data-secret\"))||(t=Math.random().toString(36).substring(2,12),e.src+=\"#?secret=\"+t,e.setAttribute(\"data-secret\",t)),e.contentWindow.postMessage({message:\"ready\",secret:t},\"*\")},!1)))}(window,document);\n\/* ]]> *\/\n<\/script>\n","thumbnail_url":"http:\/\/www.eloriente.net\/home\/wp-content\/uploads\/2016\/11\/2464613165_c55a3ca24a_b.jpg","thumbnail_width":1024,"thumbnail_height":768,"description":"(www.eloriente.net; M\u00e9xico a 26 de noviembre de 2016).- Por Jessica Lamadrid El pasado viernes 25 de noviembre, el presidente Ra\u00fal Castro ha informado al pueblo de Cuba que falleci\u00f3 el comandante en jefe de la revoluci\u00f3n de su pa\u00eds Fidel Castro, as\u00ed como que sus restos ser\u00edan cremados como lo fue su voluntad. Ante dicho [&hellip;]"}

Videos: ¿Qué importancia tuvo Fidel Castro para la historia de Cuba? - eloriente.net

<blockquote class="wp-embedded-content" data-secret="6LFlu6kCGO"><a href="http://www.eloriente.net/home/2016/11/26/importancia-tuvo-fidel-castro-la-historia-cuba/">Videos: ¿Qué importancia tuvo Fidel Castro para la historia de Cuba?</a></blockquote><iframe sandbox="allow-scripts" security="restricted" src="http://www.eloriente.net/home/2016/11/26/importancia-tuvo-fidel-castro-la-historia-cuba/embed/#?secret=6LFlu6kCGO" width="600" height="338" title="«Videos: ¿Qué importancia tuvo Fidel Castro para la historia de Cuba?» — eloriente.net" data-secret="6LFlu6kCGO" frameborder="0" marginwidth="0" marginheight="0" scrolling="no" class="wp-embedded-content"></iframe><script type="text/javascript">
/* <![CDATA[ */
/*! This file is auto-generated */
!function(d,l){"use strict";l.querySelector&&d.addEventListener&&"undefined"!=typeof URL&&(d.wp=d.wp||{},d.wp.receiveEmbedMessage||(d.wp.receiveEmbedMessage=function(e){var t=e.data;if((t||t.secret||t.message||t.value)&&!/[^a-zA-Z0-9]/.test(t.secret)){for(var s,r,n,a=l.querySelectorAll('iframe[data-secret="'+t.secret+'"]'),o=l.querySelectorAll('blockquote[data-secret="'+t.secret+'"]'),c=new RegExp("^https?:$","i"),i=0;i<o.length;i++)o[i].style.display="none";for(i=0;i<a.length;i++)s=a[i],e.source===s.contentWindow&&(s.removeAttribute("style"),"height"===t.message?(1e3<(r=parseInt(t.value,10))?r=1e3:~~r<200&&(r=200),s.height=r):"link"===t.message&&(r=new URL(s.getAttribute("src")),n=new URL(t.value),c.test(n.protocol))&&n.host===r.host&&l.activeElement===s&&(d.top.location.href=t.value))}},d.addEventListener("message",d.wp.receiveEmbedMessage,!1),l.addEventListener("DOMContentLoaded",function(){for(var e,t,s=l.querySelectorAll("iframe.wp-embedded-content"),r=0;r<s.length;r++)(t=(e=s[r]).getAttribute("data-secret"))||(t=Math.random().toString(36).substring(2,12),e.src+="#?secret="+t,e.setAttribute("data-secret",t)),e.contentWindow.postMessage({message:"ready",secret:t},"*")},!1)))}(window,document);
/* ]]> */
</script>

(www.eloriente.net; México a 26 de noviembre de 2016).- Por Jessica Lamadrid El pasado viernes 25 de noviembre, el presidente Raúl Castro ha informado al pueblo de Cuba que falleció el comandante en jefe de la revolución de su país Fidel Castro, así como que sus restos serían cremados como lo fue su voluntad. Ante dicho [&hellip;]
