{"version":"1.0","provider_name":"eloriente.net","provider_url":"http:\/\/www.eloriente.net\/home","author_name":"admin","author_url":"http:\/\/www.eloriente.net\/home\/author\/admin\/","title":"Se har\u00e1 la luz para comunidades rurales; participa Oaxaca - eloriente.net","type":"rich","width":600,"height":338,"html":"<blockquote class=\"wp-embedded-content\" data-secret=\"d3M9JLU6jz\"><a href=\"http:\/\/www.eloriente.net\/home\/2017\/05\/22\/se-hara-la-luz-comunidades-rurales-participa-oaxaca\/\">Se har\u00e1 la luz para comunidades rurales; participa Oaxaca<\/a><\/blockquote><iframe sandbox=\"allow-scripts\" security=\"restricted\" src=\"http:\/\/www.eloriente.net\/home\/2017\/05\/22\/se-hara-la-luz-comunidades-rurales-participa-oaxaca\/embed\/#?secret=d3M9JLU6jz\" width=\"600\" height=\"338\" title=\"\u00abSe har\u00e1 la luz para comunidades rurales; participa Oaxaca\u00bb \u2014 eloriente.net\" data-secret=\"d3M9JLU6jz\" frameborder=\"0\" marginwidth=\"0\" marginheight=\"0\" scrolling=\"no\" class=\"wp-embedded-content\"><\/iframe><script type=\"text\/javascript\">\n\/* <![CDATA[ *\/\n\/*! This file is auto-generated *\/\n!function(d,l){\"use strict\";l.querySelector&&d.addEventListener&&\"undefined\"!=typeof URL&&(d.wp=d.wp||{},d.wp.receiveEmbedMessage||(d.wp.receiveEmbedMessage=function(e){var t=e.data;if((t||t.secret||t.message||t.value)&&!\/[^a-zA-Z0-9]\/.test(t.secret)){for(var s,r,n,a=l.querySelectorAll('iframe[data-secret=\"'+t.secret+'\"]'),o=l.querySelectorAll('blockquote[data-secret=\"'+t.secret+'\"]'),c=new RegExp(\"^https?:$\",\"i\"),i=0;i<o.length;i++)o[i].style.display=\"none\";for(i=0;i<a.length;i++)s=a[i],e.source===s.contentWindow&&(s.removeAttribute(\"style\"),\"height\"===t.message?(1e3<(r=parseInt(t.value,10))?r=1e3:~~r<200&&(r=200),s.height=r):\"link\"===t.message&&(r=new URL(s.getAttribute(\"src\")),n=new URL(t.value),c.test(n.protocol))&&n.host===r.host&&l.activeElement===s&&(d.top.location.href=t.value))}},d.addEventListener(\"message\",d.wp.receiveEmbedMessage,!1),l.addEventListener(\"DOMContentLoaded\",function(){for(var e,t,s=l.querySelectorAll(\"iframe.wp-embedded-content\"),r=0;r<s.length;r++)(t=(e=s[r]).getAttribute(\"data-secret\"))||(t=Math.random().toString(36).substring(2,12),e.src+=\"#?secret=\"+t,e.setAttribute(\"data-secret\",t)),e.contentWindow.postMessage({message:\"ready\",secret:t},\"*\")},!1)))}(window,document);\n\/* ]]> *\/\n<\/script>\n","thumbnail_url":"http:\/\/www.eloriente.net\/home\/wp-content\/uploads\/2017\/05\/sener-mayo-2017.jpg","thumbnail_width":6296,"thumbnail_height":3944,"description":"eloriente.net\/SENER 22 de mayo de 2017 Se anunci\u00f3 la primera convocatoria del Fondo de Servicio Universal El\u00e9ctrico que se centrar\u00e1 en sistemas aislados, es decir, celdas solares fotovoltaicas por vivienda. El Fondo de Servicio Universal El\u00e9ctrico atender\u00e1 las necesidades de 180 mil mexicanos. El Fondo de Servicio Universal El\u00e9ctrico es el rostro social de la [&hellip;]"}

Se hará la luz para comunidades rurales; participa Oaxaca - eloriente.net

<blockquote class="wp-embedded-content" data-secret="d3M9JLU6jz"><a href="http://www.eloriente.net/home/2017/05/22/se-hara-la-luz-comunidades-rurales-participa-oaxaca/">Se hará la luz para comunidades rurales; participa Oaxaca</a></blockquote><iframe sandbox="allow-scripts" security="restricted" src="http://www.eloriente.net/home/2017/05/22/se-hara-la-luz-comunidades-rurales-participa-oaxaca/embed/#?secret=d3M9JLU6jz" width="600" height="338" title="«Se hará la luz para comunidades rurales; participa Oaxaca» — eloriente.net" data-secret="d3M9JLU6jz" frameborder="0" marginwidth="0" marginheight="0" scrolling="no" class="wp-embedded-content"></iframe><script type="text/javascript">
/* <![CDATA[ */
/*! This file is auto-generated */
!function(d,l){"use strict";l.querySelector&&d.addEventListener&&"undefined"!=typeof URL&&(d.wp=d.wp||{},d.wp.receiveEmbedMessage||(d.wp.receiveEmbedMessage=function(e){var t=e.data;if((t||t.secret||t.message||t.value)&&!/[^a-zA-Z0-9]/.test(t.secret)){for(var s,r,n,a=l.querySelectorAll('iframe[data-secret="'+t.secret+'"]'),o=l.querySelectorAll('blockquote[data-secret="'+t.secret+'"]'),c=new RegExp("^https?:$","i"),i=0;i<o.length;i++)o[i].style.display="none";for(i=0;i<a.length;i++)s=a[i],e.source===s.contentWindow&&(s.removeAttribute("style"),"height"===t.message?(1e3<(r=parseInt(t.value,10))?r=1e3:~~r<200&&(r=200),s.height=r):"link"===t.message&&(r=new URL(s.getAttribute("src")),n=new URL(t.value),c.test(n.protocol))&&n.host===r.host&&l.activeElement===s&&(d.top.location.href=t.value))}},d.addEventListener("message",d.wp.receiveEmbedMessage,!1),l.addEventListener("DOMContentLoaded",function(){for(var e,t,s=l.querySelectorAll("iframe.wp-embedded-content"),r=0;r<s.length;r++)(t=(e=s[r]).getAttribute("data-secret"))||(t=Math.random().toString(36).substring(2,12),e.src+="#?secret="+t,e.setAttribute("data-secret",t)),e.contentWindow.postMessage({message:"ready",secret:t},"*")},!1)))}(window,document);
/* ]]> */
</script>

eloriente.net/SENER 22 de mayo de 2017 Se anunció la primera convocatoria del Fondo de Servicio Universal Eléctrico que se centrará en sistemas aislados, es decir, celdas solares fotovoltaicas por vivienda. El Fondo de Servicio Universal Eléctrico atenderá las necesidades de 180 mil mexicanos. El Fondo de Servicio Universal Eléctrico es el rostro social de la [&hellip;]
