{"version":"1.0","provider_name":"eloriente.net","provider_url":"http:\/\/www.eloriente.net\/home","author_name":"admin","author_url":"http:\/\/www.eloriente.net\/home\/author\/admin\/","title":"La EDITORIAL del Martes - eloriente.net","type":"rich","width":600,"height":338,"html":"<blockquote class=\"wp-embedded-content\" data-secret=\"ivFOw0IM3m\"><a href=\"http:\/\/www.eloriente.net\/home\/2017\/08\/22\/la-editorial-del-martes-2\/\">La EDITORIAL del Martes<\/a><\/blockquote><iframe sandbox=\"allow-scripts\" security=\"restricted\" src=\"http:\/\/www.eloriente.net\/home\/2017\/08\/22\/la-editorial-del-martes-2\/embed\/#?secret=ivFOw0IM3m\" width=\"600\" height=\"338\" title=\"\u00abLa EDITORIAL del Martes\u00bb \u2014 eloriente.net\" data-secret=\"ivFOw0IM3m\" frameborder=\"0\" marginwidth=\"0\" marginheight=\"0\" scrolling=\"no\" class=\"wp-embedded-content\"><\/iframe><script type=\"text\/javascript\">\n\/* <![CDATA[ *\/\n\/*! This file is auto-generated *\/\n!function(d,l){\"use strict\";l.querySelector&&d.addEventListener&&\"undefined\"!=typeof URL&&(d.wp=d.wp||{},d.wp.receiveEmbedMessage||(d.wp.receiveEmbedMessage=function(e){var t=e.data;if((t||t.secret||t.message||t.value)&&!\/[^a-zA-Z0-9]\/.test(t.secret)){for(var s,r,n,a=l.querySelectorAll('iframe[data-secret=\"'+t.secret+'\"]'),o=l.querySelectorAll('blockquote[data-secret=\"'+t.secret+'\"]'),c=new RegExp(\"^https?:$\",\"i\"),i=0;i<o.length;i++)o[i].style.display=\"none\";for(i=0;i<a.length;i++)s=a[i],e.source===s.contentWindow&&(s.removeAttribute(\"style\"),\"height\"===t.message?(1e3<(r=parseInt(t.value,10))?r=1e3:~~r<200&&(r=200),s.height=r):\"link\"===t.message&&(r=new URL(s.getAttribute(\"src\")),n=new URL(t.value),c.test(n.protocol))&&n.host===r.host&&l.activeElement===s&&(d.top.location.href=t.value))}},d.addEventListener(\"message\",d.wp.receiveEmbedMessage,!1),l.addEventListener(\"DOMContentLoaded\",function(){for(var e,t,s=l.querySelectorAll(\"iframe.wp-embedded-content\"),r=0;r<s.length;r++)(t=(e=s[r]).getAttribute(\"data-secret\"))||(t=Math.random().toString(36).substring(2,12),e.src+=\"#?secret=\"+t,e.setAttribute(\"data-secret\",t)),e.contentWindow.postMessage({message:\"ready\",secret:t},\"*\")},!1)))}(window,document);\n\/* ]]> *\/\n<\/script>\n","thumbnail_url":"http:\/\/www.eloriente.net\/home\/wp-content\/uploads\/2015\/11\/Calendario.jpg","thumbnail_width":1024,"thumbnail_height":683,"description":"eloriente.net Editorial 22 de agosto de 2017 Karina Bar\u00f3n en Morena Finalmente, ayer se efectu\u00f3 el primer acto legislativo oficial en el que la diputada federal Karina Bar\u00f3n, formar\u00eda parte del grupo parlamentario de Morena en San L\u00e1zaro. Junto con ella, 5 diputados perredistas m\u00e1s estar\u00edan cerrando ya en cuesti\u00f3n de horas el papeleo para [&hellip;]"}

eloriente.net Editorial 22 de agosto de 2017 Karina Barón en Morena Finalmente, ayer se efectuó el primer acto legislativo oficial en el que la diputada federal Karina Barón, formaría parte del grupo parlamentario de Morena en San Lázaro. Junto con ella, 5 diputados perredistas más estarían cerrando ya en cuestión de horas el papeleo para [&hellip;]
