{"version":"1.0","provider_name":"eloriente.net","provider_url":"http:\/\/www.eloriente.net\/home","author_name":"Valery L\u00f3pez","author_url":"http:\/\/www.eloriente.net\/home\/author\/valery\/","title":"En video la cartelera para junio de OaxacaCine - eloriente.net","type":"rich","width":600,"height":338,"html":"<blockquote class=\"wp-embedded-content\" data-secret=\"umIJyw64Xz\"><a href=\"http:\/\/www.eloriente.net\/home\/2018\/06\/12\/en-video-la-cartelera-para-junio-de-oaxacacine\/\">En video la cartelera para junio de OaxacaCine<\/a><\/blockquote><iframe sandbox=\"allow-scripts\" security=\"restricted\" src=\"http:\/\/www.eloriente.net\/home\/2018\/06\/12\/en-video-la-cartelera-para-junio-de-oaxacacine\/embed\/#?secret=umIJyw64Xz\" width=\"600\" height=\"338\" title=\"\u00abEn video la cartelera para junio de OaxacaCine\u00bb \u2014 eloriente.net\" data-secret=\"umIJyw64Xz\" frameborder=\"0\" marginwidth=\"0\" marginheight=\"0\" scrolling=\"no\" class=\"wp-embedded-content\"><\/iframe><script type=\"text\/javascript\">\n\/* <![CDATA[ *\/\n\/*! This file is auto-generated *\/\n!function(d,l){\"use strict\";l.querySelector&&d.addEventListener&&\"undefined\"!=typeof URL&&(d.wp=d.wp||{},d.wp.receiveEmbedMessage||(d.wp.receiveEmbedMessage=function(e){var t=e.data;if((t||t.secret||t.message||t.value)&&!\/[^a-zA-Z0-9]\/.test(t.secret)){for(var s,r,n,a=l.querySelectorAll('iframe[data-secret=\"'+t.secret+'\"]'),o=l.querySelectorAll('blockquote[data-secret=\"'+t.secret+'\"]'),c=new RegExp(\"^https?:$\",\"i\"),i=0;i<o.length;i++)o[i].style.display=\"none\";for(i=0;i<a.length;i++)s=a[i],e.source===s.contentWindow&&(s.removeAttribute(\"style\"),\"height\"===t.message?(1e3<(r=parseInt(t.value,10))?r=1e3:~~r<200&&(r=200),s.height=r):\"link\"===t.message&&(r=new URL(s.getAttribute(\"src\")),n=new URL(t.value),c.test(n.protocol))&&n.host===r.host&&l.activeElement===s&&(d.top.location.href=t.value))}},d.addEventListener(\"message\",d.wp.receiveEmbedMessage,!1),l.addEventListener(\"DOMContentLoaded\",function(){for(var e,t,s=l.querySelectorAll(\"iframe.wp-embedded-content\"),r=0;r<s.length;r++)(t=(e=s[r]).getAttribute(\"data-secret\"))||(t=Math.random().toString(36).substring(2,12),e.src+=\"#?secret=\"+t,e.setAttribute(\"data-secret\",t)),e.contentWindow.postMessage({message:\"ready\",secret:t},\"*\")},!1)))}(window,document);\n\/* ]]> *\/\n<\/script>\n","thumbnail_url":"http:\/\/www.eloriente.net\/home\/wp-content\/uploads\/2018\/06\/OAXACACINE-11-DE-JUNIO.jpg","thumbnail_width":1920,"thumbnail_height":1080,"description":"&nbsp; eloriente.net 12 de junio de 2018 Hoy inician las proyecciones de junio de\u00a0OaxacaCine\u00a0y la directora Isabel Rojas nos platica un poco sobre las pel\u00edculas que nos presentar\u00e1n en estos d\u00edas. Para consultar la cartelera completa visita\u00a0www.oaxacacine.com, tambi\u00e9n puedes seguir a OaxacaCine en sus redes sociales, en Facebook los puedes encontrar como OaxacaCine, en Twitter [&hellip;]"}

Valery López

&nbsp; eloriente.net 12 de junio de 2018 Hoy inician las proyecciones de junio de OaxacaCine y la directora Isabel Rojas nos platica un poco sobre las películas que nos presentarán en estos días. Para consultar la cartelera completa visita www.oaxacacine.com, también puedes seguir a OaxacaCine en sus redes sociales, en Facebook los puedes encontrar como OaxacaCine, en Twitter [&hellip;]
