{"version":"1.0","provider_name":"eloriente.net","provider_url":"http:\/\/www.eloriente.net\/home","author_name":"Redacci\u00f3n","author_url":"http:\/\/www.eloriente.net\/home\/author\/redaccion\/","title":"Red Universitaria de Gesti\u00f3n Cultural en M\u00e9xico - eloriente.net","type":"rich","width":600,"height":338,"html":"<blockquote class=\"wp-embedded-content\" data-secret=\"h9Swoykt5R\"><a href=\"http:\/\/www.eloriente.net\/home\/2019\/06\/28\/red-universitaria-de-gestion-cultural-en-mexico\/\">Red Universitaria de Gesti\u00f3n Cultural en M\u00e9xico<\/a><\/blockquote><iframe sandbox=\"allow-scripts\" security=\"restricted\" src=\"http:\/\/www.eloriente.net\/home\/2019\/06\/28\/red-universitaria-de-gestion-cultural-en-mexico\/embed\/#?secret=h9Swoykt5R\" width=\"600\" height=\"338\" title=\"\u00abRed Universitaria de Gesti\u00f3n Cultural en M\u00e9xico\u00bb \u2014 eloriente.net\" data-secret=\"h9Swoykt5R\" frameborder=\"0\" marginwidth=\"0\" marginheight=\"0\" scrolling=\"no\" class=\"wp-embedded-content\"><\/iframe><script type=\"text\/javascript\">\n\/* <![CDATA[ *\/\n\/*! This file is auto-generated *\/\n!function(d,l){\"use strict\";l.querySelector&&d.addEventListener&&\"undefined\"!=typeof URL&&(d.wp=d.wp||{},d.wp.receiveEmbedMessage||(d.wp.receiveEmbedMessage=function(e){var t=e.data;if((t||t.secret||t.message||t.value)&&!\/[^a-zA-Z0-9]\/.test(t.secret)){for(var s,r,n,a=l.querySelectorAll('iframe[data-secret=\"'+t.secret+'\"]'),o=l.querySelectorAll('blockquote[data-secret=\"'+t.secret+'\"]'),c=new RegExp(\"^https?:$\",\"i\"),i=0;i<o.length;i++)o[i].style.display=\"none\";for(i=0;i<a.length;i++)s=a[i],e.source===s.contentWindow&&(s.removeAttribute(\"style\"),\"height\"===t.message?(1e3<(r=parseInt(t.value,10))?r=1e3:~~r<200&&(r=200),s.height=r):\"link\"===t.message&&(r=new URL(s.getAttribute(\"src\")),n=new URL(t.value),c.test(n.protocol))&&n.host===r.host&&l.activeElement===s&&(d.top.location.href=t.value))}},d.addEventListener(\"message\",d.wp.receiveEmbedMessage,!1),l.addEventListener(\"DOMContentLoaded\",function(){for(var e,t,s=l.querySelectorAll(\"iframe.wp-embedded-content\"),r=0;r<s.length;r++)(t=(e=s[r]).getAttribute(\"data-secret\"))||(t=Math.random().toString(36).substring(2,12),e.src+=\"#?secret=\"+t,e.setAttribute(\"data-secret\",t)),e.contentWindow.postMessage({message:\"ready\",secret:t},\"*\")},!1)))}(window,document);\n\/* ]]> *\/\n<\/script>\n","thumbnail_url":"https:\/\/www.eloriente.net\/home\/wp-content\/uploads\/2019\/06\/Red-Universitaria-de-Gestio\u0301n-Cultural-Ignacio-Lopez-696x412.jpg","thumbnail_width":696,"thumbnail_height":412,"description":"(Canal 44, Guadalajara, Jalisco, a 27 de junio de 2019, por: Ignacio P\u00e9rez Vega).-\u00a0Se conform\u00f3 la Red Universitaria de Gesti\u00f3n Cultural M\u00e9xico, integrada por 10 universidades p\u00fablicas y particulares, con el prop\u00f3sito de consolidar la profesi\u00f3n de los gestores culturales, la investigaci\u00f3n en el tema y el intercambio de profesores y estudiantes. Las universidades que [&hellip;]"}

Redacción

Red Universitaria de Gestión Cultural en México - eloriente.net

<blockquote class="wp-embedded-content" data-secret="h9Swoykt5R"><a href="http://www.eloriente.net/home/2019/06/28/red-universitaria-de-gestion-cultural-en-mexico/">Red Universitaria de Gestión Cultural en México</a></blockquote><iframe sandbox="allow-scripts" security="restricted" src="http://www.eloriente.net/home/2019/06/28/red-universitaria-de-gestion-cultural-en-mexico/embed/#?secret=h9Swoykt5R" width="600" height="338" title="«Red Universitaria de Gestión Cultural en México» — eloriente.net" data-secret="h9Swoykt5R" frameborder="0" marginwidth="0" marginheight="0" scrolling="no" class="wp-embedded-content"></iframe><script type="text/javascript">
/* <![CDATA[ */
/*! This file is auto-generated */
!function(d,l){"use strict";l.querySelector&&d.addEventListener&&"undefined"!=typeof URL&&(d.wp=d.wp||{},d.wp.receiveEmbedMessage||(d.wp.receiveEmbedMessage=function(e){var t=e.data;if((t||t.secret||t.message||t.value)&&!/[^a-zA-Z0-9]/.test(t.secret)){for(var s,r,n,a=l.querySelectorAll('iframe[data-secret="'+t.secret+'"]'),o=l.querySelectorAll('blockquote[data-secret="'+t.secret+'"]'),c=new RegExp("^https?:$","i"),i=0;i<o.length;i++)o[i].style.display="none";for(i=0;i<a.length;i++)s=a[i],e.source===s.contentWindow&&(s.removeAttribute("style"),"height"===t.message?(1e3<(r=parseInt(t.value,10))?r=1e3:~~r<200&&(r=200),s.height=r):"link"===t.message&&(r=new URL(s.getAttribute("src")),n=new URL(t.value),c.test(n.protocol))&&n.host===r.host&&l.activeElement===s&&(d.top.location.href=t.value))}},d.addEventListener("message",d.wp.receiveEmbedMessage,!1),l.addEventListener("DOMContentLoaded",function(){for(var e,t,s=l.querySelectorAll("iframe.wp-embedded-content"),r=0;r<s.length;r++)(t=(e=s[r]).getAttribute("data-secret"))||(t=Math.random().toString(36).substring(2,12),e.src+="#?secret="+t,e.setAttribute("data-secret",t)),e.contentWindow.postMessage({message:"ready",secret:t},"*")},!1)))}(window,document);
/* ]]> */
</script>

(Canal 44, Guadalajara, Jalisco, a 27 de junio de 2019, por: Ignacio Pérez Vega).- Se conformó la Red Universitaria de Gestión Cultural México, integrada por 10 universidades públicas y particulares, con el propósito de consolidar la profesión de los gestores culturales, la investigación en el tema y el intercambio de profesores y estudiantes. Las universidades que [&hellip;]
