{"version":"1.0","provider_name":"eloriente.net","provider_url":"https:\/\/www.eloriente.net\/home","author_name":"admin","author_url":"https:\/\/www.eloriente.net\/home\/author\/admin\/","title":"Franco y Magallanes exponen en Biblioteca Henestrosa - eloriente.net","type":"rich","width":600,"height":338,"html":"<blockquote class=\"wp-embedded-content\" data-secret=\"KLgOZAVyGi\"><a href=\"https:\/\/www.eloriente.net\/home\/2013\/09\/10\/franco-y-magallanes-exponen-en-biblioteca-henestrosa\/\">Franco y Magallanes exponen en Biblioteca Henestrosa<\/a><\/blockquote><iframe sandbox=\"allow-scripts\" security=\"restricted\" src=\"https:\/\/www.eloriente.net\/home\/2013\/09\/10\/franco-y-magallanes-exponen-en-biblioteca-henestrosa\/embed\/#?secret=KLgOZAVyGi\" width=\"600\" height=\"338\" title=\"\u00abFranco y Magallanes exponen en Biblioteca Henestrosa\u00bb \u2014 eloriente.net\" data-secret=\"KLgOZAVyGi\" frameborder=\"0\" marginwidth=\"0\" marginheight=\"0\" scrolling=\"no\" class=\"wp-embedded-content\"><\/iframe><script type=\"text\/javascript\">\n\/* <![CDATA[ *\/\n\/*! This file is auto-generated *\/\n!function(d,l){\"use strict\";l.querySelector&&d.addEventListener&&\"undefined\"!=typeof URL&&(d.wp=d.wp||{},d.wp.receiveEmbedMessage||(d.wp.receiveEmbedMessage=function(e){var t=e.data;if((t||t.secret||t.message||t.value)&&!\/[^a-zA-Z0-9]\/.test(t.secret)){for(var s,r,n,a=l.querySelectorAll('iframe[data-secret=\"'+t.secret+'\"]'),o=l.querySelectorAll('blockquote[data-secret=\"'+t.secret+'\"]'),c=new RegExp(\"^https?:$\",\"i\"),i=0;i<o.length;i++)o[i].style.display=\"none\";for(i=0;i<a.length;i++)s=a[i],e.source===s.contentWindow&&(s.removeAttribute(\"style\"),\"height\"===t.message?(1e3<(r=parseInt(t.value,10))?r=1e3:~~r<200&&(r=200),s.height=r):\"link\"===t.message&&(r=new URL(s.getAttribute(\"src\")),n=new URL(t.value),c.test(n.protocol))&&n.host===r.host&&l.activeElement===s&&(d.top.location.href=t.value))}},d.addEventListener(\"message\",d.wp.receiveEmbedMessage,!1),l.addEventListener(\"DOMContentLoaded\",function(){for(var e,t,s=l.querySelectorAll(\"iframe.wp-embedded-content\"),r=0;r<s.length;r++)(t=(e=s[r]).getAttribute(\"data-secret\"))||(t=Math.random().toString(36).substring(2,12),e.src+=\"#?secret=\"+t,e.setAttribute(\"data-secret\",t)),e.contentWindow.postMessage({message:\"ready\",secret:t},\"*\")},!1)))}(window,document);\n\/* ]]> *\/\n<\/script>\n","thumbnail_url":"https:\/\/www.eloriente.net\/home\/wp-content\/uploads\/2013\/09\/Expo-Magallanes-Fundaci\u00f3n-Harp.jpg","thumbnail_width":"1674","thumbnail_height":"1113","description":"todooaxacaradio.com\/Fundaci\u00f3n Alfredo Harp 07\/09\/2013, Oaxaca, Oax.\u00a0Carlos Franco y Alejandro Magallanes crearon\u00a0Cuadernos\u00a0para presentar en la Biblioteca Andr\u00e9s Henestrosa (BH). La exposici\u00f3n tiene como tema principal la lectura. Las m\u00e1s de 10 piezas que la conforman est\u00e1n distribuidas en la sala de exposiciones de la biblioteca, as\u00ed como en sus pasillos y patio. Cuadernos\u00a0puede ser poco convencional [&hellip;]"}

https://www.eloriente.net/home/wp-content/uploads/2013/09/Expo-Magallanes-Fundación-Harp.jpg

todooaxacaradio.com/Fundación Alfredo Harp 07/09/2013, Oaxaca, Oax. Carlos Franco y Alejandro Magallanes crearon Cuadernos para presentar en la Biblioteca Andrés Henestrosa (BH). La exposición tiene como tema principal la lectura. Las más de 10 piezas que la conforman están distribuidas en la sala de exposiciones de la biblioteca, así como en sus pasillos y patio. Cuadernos puede ser poco convencional [&hellip;]
