{"version":"1.0","provider_name":"eloriente.net","provider_url":"https:\/\/www.eloriente.net\/home","author_name":"Jaime Palau","author_url":"https:\/\/www.eloriente.net\/home\/author\/jaime\/","title":"Cr\u00f3nicas Beisboleras: Pelota Caliente desde Ju\u00e1rez - eloriente.net","type":"rich","width":600,"height":338,"html":"<blockquote class=\"wp-embedded-content\" data-secret=\"NDAgXUQ2l7\"><a href=\"https:\/\/www.eloriente.net\/home\/2015\/01\/18\/cronicas-beisboleras-pelota-caliente-desde-juarez\/\">Cr\u00f3nicas Beisboleras: Pelota Caliente desde Ju\u00e1rez<\/a><\/blockquote><iframe sandbox=\"allow-scripts\" security=\"restricted\" src=\"https:\/\/www.eloriente.net\/home\/2015\/01\/18\/cronicas-beisboleras-pelota-caliente-desde-juarez\/embed\/#?secret=NDAgXUQ2l7\" width=\"600\" height=\"338\" title=\"\u00abCr\u00f3nicas Beisboleras: Pelota Caliente desde Ju\u00e1rez\u00bb \u2014 eloriente.net\" data-secret=\"NDAgXUQ2l7\" frameborder=\"0\" marginwidth=\"0\" marginheight=\"0\" scrolling=\"no\" class=\"wp-embedded-content\"><\/iframe><script type=\"text\/javascript\">\n\/* <![CDATA[ *\/\n\/*! This file is auto-generated *\/\n!function(d,l){\"use strict\";l.querySelector&&d.addEventListener&&\"undefined\"!=typeof URL&&(d.wp=d.wp||{},d.wp.receiveEmbedMessage||(d.wp.receiveEmbedMessage=function(e){var t=e.data;if((t||t.secret||t.message||t.value)&&!\/[^a-zA-Z0-9]\/.test(t.secret)){for(var s,r,n,a=l.querySelectorAll('iframe[data-secret=\"'+t.secret+'\"]'),o=l.querySelectorAll('blockquote[data-secret=\"'+t.secret+'\"]'),c=new RegExp(\"^https?:$\",\"i\"),i=0;i<o.length;i++)o[i].style.display=\"none\";for(i=0;i<a.length;i++)s=a[i],e.source===s.contentWindow&&(s.removeAttribute(\"style\"),\"height\"===t.message?(1e3<(r=parseInt(t.value,10))?r=1e3:~~r<200&&(r=200),s.height=r):\"link\"===t.message&&(r=new URL(s.getAttribute(\"src\")),n=new URL(t.value),c.test(n.protocol))&&n.host===r.host&&l.activeElement===s&&(d.top.location.href=t.value))}},d.addEventListener(\"message\",d.wp.receiveEmbedMessage,!1),l.addEventListener(\"DOMContentLoaded\",function(){for(var e,t,s=l.querySelectorAll(\"iframe.wp-embedded-content\"),r=0;r<s.length;r++)(t=(e=s[r]).getAttribute(\"data-secret\"))||(t=Math.random().toString(36).substring(2,12),e.src+=\"#?secret=\"+t,e.setAttribute(\"data-secret\",t)),e.contentWindow.postMessage({message:\"ready\",secret:t},\"*\")},!1)))}(window,document);\n\/* ]]> *\/\n<\/script>\n","thumbnail_url":"http:\/\/www.eloriente.net\/home\/wp-content\/uploads\/2015\/01\/1907-Cubs-World-Seres-Championship-Medal-cc-dan-gaken.jpg","thumbnail_width":640,"thumbnail_height":427,"description":"&nbsp; &nbsp; eloriente.net Por: Jaime Palau Ranz Creo que soy afortunado en esta vida, a los siete a\u00f1os de edad, me dio una encefalitis viral, es una extra\u00f1a enfermedad que se deriva de un virus que causa inflamaci\u00f3n en el tejido cerebral, es provocado por picadura de mosquito, por una alergia a una vacuna o [&hellip;]"}

Crónicas Beisboleras: Pelota Caliente desde Juárez - eloriente.net

<blockquote class="wp-embedded-content" data-secret="NDAgXUQ2l7"><a href="https://www.eloriente.net/home/2015/01/18/cronicas-beisboleras-pelota-caliente-desde-juarez/">Crónicas Beisboleras: Pelota Caliente desde Juárez</a></blockquote><iframe sandbox="allow-scripts" security="restricted" src="https://www.eloriente.net/home/2015/01/18/cronicas-beisboleras-pelota-caliente-desde-juarez/embed/#?secret=NDAgXUQ2l7" width="600" height="338" title="«Crónicas Beisboleras: Pelota Caliente desde Juárez» — eloriente.net" data-secret="NDAgXUQ2l7" frameborder="0" marginwidth="0" marginheight="0" scrolling="no" class="wp-embedded-content"></iframe><script type="text/javascript">
/* <![CDATA[ */
/*! This file is auto-generated */
!function(d,l){"use strict";l.querySelector&&d.addEventListener&&"undefined"!=typeof URL&&(d.wp=d.wp||{},d.wp.receiveEmbedMessage||(d.wp.receiveEmbedMessage=function(e){var t=e.data;if((t||t.secret||t.message||t.value)&&!/[^a-zA-Z0-9]/.test(t.secret)){for(var s,r,n,a=l.querySelectorAll('iframe[data-secret="'+t.secret+'"]'),o=l.querySelectorAll('blockquote[data-secret="'+t.secret+'"]'),c=new RegExp("^https?:$","i"),i=0;i<o.length;i++)o[i].style.display="none";for(i=0;i<a.length;i++)s=a[i],e.source===s.contentWindow&&(s.removeAttribute("style"),"height"===t.message?(1e3<(r=parseInt(t.value,10))?r=1e3:~~r<200&&(r=200),s.height=r):"link"===t.message&&(r=new URL(s.getAttribute("src")),n=new URL(t.value),c.test(n.protocol))&&n.host===r.host&&l.activeElement===s&&(d.top.location.href=t.value))}},d.addEventListener("message",d.wp.receiveEmbedMessage,!1),l.addEventListener("DOMContentLoaded",function(){for(var e,t,s=l.querySelectorAll("iframe.wp-embedded-content"),r=0;r<s.length;r++)(t=(e=s[r]).getAttribute("data-secret"))||(t=Math.random().toString(36).substring(2,12),e.src+="#?secret="+t,e.setAttribute("data-secret",t)),e.contentWindow.postMessage({message:"ready",secret:t},"*")},!1)))}(window,document);
/* ]]> */
</script>

&nbsp; &nbsp; eloriente.net Por: Jaime Palau Ranz Creo que soy afortunado en esta vida, a los siete años de edad, me dio una encefalitis viral, es una extraña enfermedad que se deriva de un virus que causa inflamación en el tejido cerebral, es provocado por picadura de mosquito, por una alergia a una vacuna o [&hellip;]
