{"id":18,"date":"2012-06-21T15:35:59","date_gmt":"2012-06-21T15:35:59","guid":{"rendered":"http:\/\/www.eloriente.net\/home\/?page_id=18"},"modified":"2021-09-03T10:05:03","modified_gmt":"2021-09-03T16:05:03","slug":"anunciate","status":"publish","type":"page","link":"https:\/\/www.eloriente.net\/home\/anunciate\/","title":{"rendered":"An\u00fanciate"},"content":{"rendered":"<p>An\u00fanciate en eloriente.net, una herramienta para la comunicaci\u00f3n de tu empresa u organizaci\u00f3n.<\/p>\n<p>Hay oportunidades para anunciarte en:<\/p>\n<p>El Portal ELORIENTE.NET o tambi\u00e9n en nuestras <a href=\"http:\/\/www.eloriente.net\/home\/contacto\/\" target=\"_blank\" rel=\"noopener\">redes sociales<\/a>, incluyendo la producci\u00f3n de tus promocionales.<\/p>\n<p>Por eso si est\u00e1s interesado en publicitarte o difundir tus actividades solamente d\u00e9janos tus datos y en breve nos comunicaremos contigo al 9512047499. Nos puedes enviar un WhatsApp o bien llamarnos para concertar una cita.<\/p>\n<p>O bien env\u00eda un correo a<\/p>\n<p>direcciongeneral@eloriente.net<\/p>\n<p>&nbsp;<\/p>\n<p><iframe loading=\"lazy\" title=\"YouTube video player\" src=\"https:\/\/www.youtube.com\/embed\/r97-cuThijc\" width=\"560\" height=\"315\" frameborder=\"0\" allowfullscreen=\"allowfullscreen\"><\/iframe><\/p>\n<p>&nbsp;<\/p>\n<p><script async src=\"https:\/\/pagead2.googlesyndication.com\/pagead\/js\/adsbygoogle.js?client=ca-pub-1136171134853753\" crossorigin=\"anonymous\"><\/script><br \/>\n<!-- An\u00fanciate Adaptable --><br \/>\n<ins class=\"adsbygoogle\" style=\"display: block;\" data-ad-client=\"ca-pub-1136171134853753\" data-ad-slot=\"5065462259\" data-ad-format=\"auto\" data-full-width-responsive=\"true\"><\/ins><br \/>\n<script>\n     (adsbygoogle = window.adsbygoogle || []).push({});\n<\/script><\/p>\n","protected":false},"excerpt":{"rendered":"<p>An\u00fanciate en eloriente.net, una herramienta para la comunicaci\u00f3n de tu empresa u organizaci\u00f3n. Hay oportunidades para anunciarte en: El Portal ELORIENTE.NET o tambi\u00e9n en nuestras redes sociales, incluyendo la producci\u00f3n de tus promocionales. Por eso si est\u00e1s interesado en publicitarte o difundir tus actividades solamente d\u00e9janos tus datos y en breve nos comunicaremos contigo al [&hellip;]<\/p>\n","protected":false},"author":1,"featured_media":0,"parent":0,"menu_order":0,"comment_status":"open","ping_status":"open","template":"","meta":{"footnotes":""},"class_list":["post-18","page","type-page","status-publish","hentry"],"jetpack_sharing_enabled":true,"_links":{"self":[{"href":"https:\/\/www.eloriente.net\/home\/wp-json\/wp\/v2\/pages\/18"}],"collection":[{"href":"https:\/\/www.eloriente.net\/home\/wp-json\/wp\/v2\/pages"}],"about":[{"href":"https:\/\/www.eloriente.net\/home\/wp-json\/wp\/v2\/types\/page"}],"author":[{"embeddable":true,"href":"https:\/\/www.eloriente.net\/home\/wp-json\/wp\/v2\/users\/1"}],"replies":[{"embeddable":true,"href":"https:\/\/www.eloriente.net\/home\/wp-json\/wp\/v2\/comments?post=18"}],"version-history":[{"count":6,"href":"https:\/\/www.eloriente.net\/home\/wp-json\/wp\/v2\/pages\/18\/revisions"}],"predecessor-version":[{"id":64950,"href":"https:\/\/www.eloriente.net\/home\/wp-json\/wp\/v2\/pages\/18\/revisions\/64950"}],"wp:attachment":[{"href":"https:\/\/www.eloriente.net\/home\/wp-json\/wp\/v2\/media?parent=18"}],"curies":[{"name":"wp","href":"https:\/\/api.w.org\/{rel}","templated":true}]}}